Last updated on 2023-05-30 01:00:01 CEST.
Flavor | Version | Tinstall | Tcheck | Ttotal | Status | Flags |
---|---|---|---|---|---|---|
r-devel-linux-x86_64-debian-clang | 1.13 | 4.92 | 35.56 | 40.48 | OK | |
r-devel-linux-x86_64-debian-gcc | 1.13-2 | 4.04 | 27.47 | 31.51 | OK | |
r-devel-linux-x86_64-fedora-clang | 1.13-2 | 50.51 | NOTE | |||
r-devel-linux-x86_64-fedora-gcc | 1.13-2 | 48.82 | NOTE | |||
r-devel-windows-x86_64 | 1.13-2 | 5.00 | 49.00 | 54.00 | OK | |
r-patched-linux-x86_64 | 1.13-2 | 4.67 | 34.37 | 39.04 | OK | |
r-release-linux-x86_64 | 1.13-2 | 4.59 | 34.72 | 39.31 | OK | |
r-release-macos-arm64 | 1.13-2 | 20.00 | OK | |||
r-release-macos-x86_64 | 1.13 | 27.00 | OK | |||
r-release-windows-x86_64 | 1.13-2 | 4.00 | 54.00 | 58.00 | OK | |
r-oldrel-macos-arm64 | 1.13-2 | 23.00 | OK | |||
r-oldrel-macos-x86_64 | 1.13-2 | 32.00 | OK | |||
r-oldrel-windows-x86_64 | 1.13-2 | 10.00 | 87.00 | 97.00 | OK |
Version: 1.13-2
Check: data for non-ASCII characters
Result: NOTE
Note: found 2 marked UTF-8 strings
Flavors: r-devel-linux-x86_64-fedora-clang, r-devel-linux-x86_64-fedora-gcc