CRAN Package Check Results for Package WeightedCluster

Last updated on 2023-04-02 00:57:54 CEST.

Flavor Version Tinstall Tcheck Ttotal Status Flags
r-devel-linux-x86_64-debian-clang 1.6-0 18.44 205.11 223.55 WARN
r-devel-linux-x86_64-debian-gcc 1.6-0 12.35 159.66 172.01 WARN
r-devel-linux-x86_64-fedora-clang 1.6-0 279.29 WARN
r-devel-linux-x86_64-fedora-gcc 1.6-0 282.60 WARN
r-devel-windows-x86_64 1.6-0 27.00 329.00 356.00 NOTE
r-patched-linux-x86_64 1.6-0 17.92 202.52 220.44 WARN
r-release-linux-x86_64 1.6-0 14.19 197.80 211.99 OK
r-release-macos-arm64 1.6-0 124.00 OK
r-release-macos-x86_64 1.6-0 190.00 OK
r-release-windows-x86_64 1.6-0 61.00 361.00 422.00 OK
r-oldrel-macos-arm64 1.6-0 140.00 OK
r-oldrel-macos-x86_64 1.6-0 153.00 OK
r-oldrel-windows-ix86+x86_64 1.6-0 40.00 320.00 360.00 OK

Check Details

Version: 1.6-0
Check: whether package can be installed
Result: WARN
    Found the following significant warnings:
     init.c:11:39: warning: a function declaration without a prototype is deprecated in all versions of C [-Wstrict-prototypes]
    See ‘/home/hornik/tmp/R.check/r-devel-clang/Work/PKGS/WeightedCluster.Rcheck/00install.out’ for details.
    * used C compiler: ‘Debian clang version 15.0.6’
    * used C++ compiler: ‘Debian clang version 15.0.6’
Flavor: r-devel-linux-x86_64-debian-clang

Version: 1.6-0
Check: C++ specification
Result: NOTE
     Specified C++11: please drop specification unless essential
Flavors: r-devel-linux-x86_64-debian-clang, r-devel-linux-x86_64-debian-gcc, r-devel-linux-x86_64-fedora-clang, r-devel-linux-x86_64-fedora-gcc, r-devel-windows-x86_64, r-patched-linux-x86_64

Version: 1.6-0
Check: whether package can be installed
Result: WARN
    Found the following significant warnings:
     init.c:11:1: warning: function declaration isn’t a prototype [-Wstrict-prototypes]
    See ‘/home/hornik/tmp/R.check/r-devel-gcc/Work/PKGS/WeightedCluster.Rcheck/00install.out’ for details.
    * used C compiler: ‘gcc-12 (Debian 12.2.0-14) 12.2.0’
    * used C++ compiler: ‘g++-12 (Debian 12.2.0-14) 12.2.0’
Flavor: r-devel-linux-x86_64-debian-gcc

Version: 1.6-0
Check: whether package can be installed
Result: WARN
    Found the following significant warnings:
     init.c:11:39: warning: a function declaration without a prototype is deprecated in all versions of C [-Wstrict-prototypes]
    See ‘/data/gannet/ripley/R/packages/tests-clang/WeightedCluster.Rcheck/00install.out’ for details.
    * used C compiler: ‘clang version 16.0.0’
    * used C++ compiler: ‘clang version 16.0.0’
Flavor: r-devel-linux-x86_64-fedora-clang

Version: 1.6-0
Check: whether package can be installed
Result: WARN
    Found the following significant warnings:
     init.c:11:1: warning: function declaration isn’t a prototype [-Wstrict-prototypes]
    See ‘/data/gannet/ripley/R/packages/tests-devel/WeightedCluster.Rcheck/00install.out’ for details.
    * used C compiler: ‘gcc (GCC) 12.2.1 20221121 (Red Hat 12.2.1-4)’
    * used C++ compiler: ‘g++ (GCC) 12.2.1 20221121 (Red Hat 12.2.1-4)’
Flavor: r-devel-linux-x86_64-fedora-gcc

Version: 1.6-0
Check: whether package can be installed
Result: WARN
    Found the following significant warnings:
     init.c:11:1: warning: function declaration isn’t a prototype [-Wstrict-prototypes]
    See ‘/home/hornik/tmp/R.check/r-patched-gcc/Work/PKGS/WeightedCluster.Rcheck/00install.out’ for details.
    * used C compiler: ‘gcc-11 (Debian 11.3.0-12) 11.3.0’
    * used C++ compiler: ‘g++-11 (Debian 11.3.0-12) 11.3.0’
Flavor: r-patched-linux-x86_64