CRAN Package Check Results for Package WaveSampling

Last updated on 2021-10-17 23:50:56 CEST.

Flavor Version Tinstall Tcheck Ttotal Status Flags
r-devel-linux-x86_64-debian-clang 0.1.1 123.12 81.32 204.44 NOTE
r-devel-linux-x86_64-debian-gcc 0.1.1 93.61 61.72 155.33 NOTE
r-devel-linux-x86_64-fedora-clang 0.1.1 319.68 NOTE
r-devel-linux-x86_64-fedora-gcc 0.1.1 275.35 NOTE
r-devel-windows-x86_64 0.1.1 164.00 113.00 277.00 NOTE
r-devel-windows-x86_64-gcc10-UCRT 0.1.1 NOTE
r-patched-linux-x86_64 0.1.1 119.13 77.96 197.09 NOTE
r-patched-solaris-x86 0.1.1 284.20 NOTE
r-release-linux-x86_64 0.1.1 110.35 77.17 187.52 NOTE
r-release-macos-arm64 0.1.1 NOTE
r-release-macos-x86_64 0.1.1 NOTE
r-release-windows-ix86+x86_64 0.1.1 243.00 137.00 380.00 NOTE
r-oldrel-macos-x86_64 0.1.1 NOTE
r-oldrel-windows-ix86+x86_64 0.1.1 342.00 139.00 481.00 OK

Check Details

Version: 0.1.1
Check: LazyData
Result: NOTE
     'LazyData' is specified without a 'data' directory
Flavors: r-devel-linux-x86_64-debian-clang, r-devel-linux-x86_64-debian-gcc, r-devel-linux-x86_64-fedora-clang, r-devel-linux-x86_64-fedora-gcc, r-devel-windows-x86_64, r-devel-windows-x86_64-gcc10-UCRT, r-patched-linux-x86_64, r-patched-solaris-x86, r-release-linux-x86_64, r-release-macos-arm64, r-release-macos-x86_64, r-release-windows-ix86+x86_64

Version: 0.1.1
Check: installed package size
Result: NOTE
     installed size is 6.0Mb
     sub-directories of 1Mb or more:
     libs 5.8Mb
Flavors: r-release-macos-arm64, r-release-macos-x86_64, r-oldrel-macos-x86_64