CRAN Package Check Results for Package WSGeometry

Last updated on 2021-09-16 23:50:14 CEST.

Flavor Version Tinstall Tcheck Ttotal Status Flags
r-devel-linux-x86_64-debian-clang 1.1 61.16 98.58 159.74 OK
r-devel-linux-x86_64-debian-gcc 1.1 44.17 73.09 117.26 OK
r-devel-linux-x86_64-fedora-clang 1.1 223.51 OK
r-devel-linux-x86_64-fedora-gcc 1.1 199.21 OK
r-devel-windows-x86_64 1.1 61.00 128.00 189.00 OK
r-devel-windows-x86_64-gcc10-UCRT 1.1 OK
r-patched-linux-x86_64 1.1 57.39 92.92 150.31 OK
r-release-linux-x86_64 1.1 52.43 92.77 145.20 OK
r-release-macos-arm64 1.1 NOTE
r-release-macos-x86_64 1.1 OK
r-release-windows-ix86+x86_64 1.1 142.00 176.00 318.00 OK
r-oldrel-macos-x86_64 1.1 NOTE
r-oldrel-windows-ix86+x86_64 1.1 105.00 167.00 272.00 OK

Check Details

Version: 1.1
Check: package dependencies
Result: NOTE
    Package suggested but not available for checking: ‘Rsymphony’
Flavors: r-release-macos-arm64, r-oldrel-macos-x86_64