CRAN Package Check Results for Package VoxR

Last updated on 2024-06-18 00:57:42 CEST.

Flavor Version Tinstall Tcheck Ttotal Status Flags
r-devel-linux-x86_64-debian-clang 1.0.0 4.89 80.22 85.11 NOTE
r-devel-linux-x86_64-debian-gcc 1.0.0 3.63 67.88 71.51 NOTE
r-devel-linux-x86_64-fedora-clang 1.0.0 115.96 NOTE
r-devel-linux-x86_64-fedora-gcc 1.0.0 106.21 NOTE
r-devel-windows-x86_64 1.0.0 6.00 81.00 87.00 NOTE
r-patched-linux-x86_64 1.0.0 5.89 91.12 97.01 NOTE
r-release-linux-x86_64 1.0.0 5.91 91.29 97.20 NOTE
r-release-macos-arm64 1.0.0 28.00 NOTE
r-release-macos-x86_64 1.0.0 46.00 NOTE
r-release-windows-x86_64 1.0.0 7.00 83.00 90.00 NOTE
r-oldrel-macos-arm64 1.0.0 32.00 NOTE
r-oldrel-macos-x86_64 1.0.0 53.00 NOTE
r-oldrel-windows-x86_64 1.0.0 8.00 93.00 101.00 NOTE

Check Details

Version: 1.0.0
Check: LazyData
Result: NOTE 'LazyData' is specified without a 'data' directory Flavors: r-devel-linux-x86_64-debian-clang, r-devel-linux-x86_64-debian-gcc, r-devel-linux-x86_64-fedora-clang, r-devel-linux-x86_64-fedora-gcc, r-devel-windows-x86_64, r-patched-linux-x86_64, r-release-linux-x86_64, r-release-macos-arm64, r-release-macos-x86_64, r-release-windows-x86_64, r-oldrel-macos-arm64, r-oldrel-macos-x86_64, r-oldrel-windows-x86_64