CRAN Package Check Results for Package VisCollin

Last updated on 2024-06-18 00:57:42 CEST.

Flavor Version Tinstall Tcheck Ttotal Status Flags
r-devel-linux-x86_64-debian-clang 0.1.2 2.34 28.46 30.80 OK
r-devel-linux-x86_64-debian-gcc 0.1.2 1.99 21.59 23.58 OK
r-devel-linux-x86_64-fedora-clang 0.1.2 38.62 NOTE
r-devel-linux-x86_64-fedora-gcc 0.1.2 37.05 OK
r-devel-windows-x86_64 0.1.2 4.00 46.00 50.00 OK
r-patched-linux-x86_64 0.1.2 2.59 27.63 30.22 OK
r-release-linux-x86_64 0.1.2 2.57 27.48 30.05 OK
r-release-macos-arm64 0.1.2 16.00 OK
r-release-macos-x86_64 0.1.2 22.00 OK
r-release-windows-x86_64 0.1.2 4.00 46.00 50.00 OK
r-oldrel-macos-arm64 0.1.2 19.00 OK
r-oldrel-macos-x86_64 0.1.2 27.00 OK
r-oldrel-windows-x86_64 0.1.2 4.00 47.00 51.00 OK

Check Details

Version: 0.1.2
Check: Rd cross-references
Result: NOTE Undeclared package ‘rms’ in Rd xrefs Flavor: r-devel-linux-x86_64-fedora-clang