Last updated on 2023-06-01 00:59:56 CEST.
Flavor | Version | Tinstall | Tcheck | Ttotal | Status | Flags |
---|---|---|---|---|---|---|
r-devel-linux-x86_64-debian-clang | 1.2.4 | 12.85 | 120.77 | 133.62 | OK | |
r-devel-linux-x86_64-debian-gcc | 1.2.4 | 8.99 | 90.26 | 99.25 | OK | |
r-devel-linux-x86_64-fedora-clang | 1.2.4 | 163.56 | NOTE | |||
r-devel-linux-x86_64-fedora-gcc | 1.2.4 | 194.33 | OK | |||
r-devel-windows-x86_64 | 1.2.4 | 11.00 | 110.00 | 121.00 | OK | |
r-patched-linux-x86_64 | 1.2.4 | OK | ||||
r-release-linux-x86_64 | 1.2.4 | 8.16 | 112.89 | 121.05 | OK | |
r-release-macos-arm64 | 1.2.4 | 56.00 | OK | |||
r-release-macos-x86_64 | 1.2.4 | 81.00 | OK | |||
r-release-windows-x86_64 | 1.2.4 | 17.00 | 133.00 | 150.00 | OK | |
r-oldrel-macos-arm64 | 1.2.4 | 56.00 | OK | |||
r-oldrel-macos-x86_64 | 1.2.4 | 90.00 | OK | |||
r-oldrel-windows-x86_64 | 1.2.4 | 14.00 | 128.00 | 142.00 | OK |
Version: 1.2.4
Check: Rd cross-references
Result: NOTE
Undeclared package ‘tibble’ in Rd xrefs
Flavor: r-devel-linux-x86_64-fedora-clang