CRAN Package Check Results for Package VIRF

Last updated on 2021-09-24 23:54:07 CEST.

Flavor Version Tinstall Tcheck Ttotal Status Flags
r-devel-linux-x86_64-debian-clang 0.1.0 15.07 134.51 149.58 NOTE
r-devel-linux-x86_64-debian-gcc 0.1.0 13.71 101.72 115.43 NOTE
r-devel-linux-x86_64-fedora-clang 0.1.0 186.08 NOTE
r-devel-linux-x86_64-fedora-gcc 0.1.0 175.17 NOTE
r-devel-windows-x86_64 0.1.0 19.00 118.00 137.00 WARN
r-devel-windows-x86_64-gcc10-UCRT 0.1.0 WARN
r-patched-linux-x86_64 0.1.0 13.99 127.18 141.17 NOTE
r-patched-solaris-x86 0.1.0 268.80 NOTE
r-release-linux-x86_64 0.1.0 14.32 127.04 141.36 NOTE
r-release-macos-arm64 0.1.0 NOTE
r-release-macos-x86_64 0.1.0 NOTE
r-release-windows-ix86+x86_64 0.1.0 39.00 149.00 188.00 NOTE
r-oldrel-macos-x86_64 0.1.0 OK
r-oldrel-windows-ix86+x86_64 0.1.0 28.00 118.00 146.00 OK

Check Details

Version: 0.1.0
Check: LazyData
Result: NOTE
     'LazyData' is specified without a 'data' directory
Flavors: r-devel-linux-x86_64-debian-clang, r-devel-linux-x86_64-debian-gcc, r-devel-linux-x86_64-fedora-clang, r-devel-linux-x86_64-fedora-gcc, r-devel-windows-x86_64, r-devel-windows-x86_64-gcc10-UCRT, r-patched-linux-x86_64, r-patched-solaris-x86, r-release-linux-x86_64, r-release-macos-arm64, r-release-macos-x86_64, r-release-windows-ix86+x86_64

Version: 0.1.0
Check: whether package can be installed
Result: WARN
    Found the following significant warnings:
     Warning: 'memory.limit()' is no longer supported
Flavors: r-devel-windows-x86_64, r-devel-windows-x86_64-gcc10-UCRT