CRAN Package Check Results for Package VEwaningVariant

Last updated on 2024-06-13 00:55:36 CEST.

Flavor Version Tinstall Tcheck Ttotal Status Flags
r-devel-linux-x86_64-debian-clang 1.4 156.43 96.30 252.73 OK
r-devel-linux-x86_64-debian-gcc 1.4 0.42 1.57 1.99 ERROR
r-devel-linux-x86_64-fedora-clang 1.4 364.38 OK
r-devel-linux-x86_64-fedora-gcc 1.4 359.56 OK
r-devel-windows-x86_64 1.4 114.00 106.00 220.00 OK
r-patched-linux-x86_64 1.4 122.43 99.10 221.53 OK
r-release-linux-x86_64 1.4 121.94 100.77 222.71 OK
r-release-macos-arm64 1.4 69.00 NOTE
r-release-macos-x86_64 1.4 85.00 NOTE
r-release-windows-x86_64 1.4 117.00 111.00 228.00 OK
r-oldrel-macos-arm64 1.4 85.00 NOTE
r-oldrel-macos-x86_64 1.4 98.00 NOTE
r-oldrel-windows-x86_64 1.4 141.00 148.00 289.00 OK

Check Details

Version: 1.4
Check: package dependencies
Result: ERROR Package required but not available: ‘ggplot2’ See section ‘The DESCRIPTION file’ in the ‘Writing R Extensions’ manual. Flavor: r-devel-linux-x86_64-debian-gcc

Version: 1.4
Check: installed package size
Result: NOTE installed size is 5.0Mb sub-directories of 1Mb or more: libs 4.3Mb Flavors: r-release-macos-arm64, r-release-macos-x86_64, r-oldrel-macos-arm64, r-oldrel-macos-x86_64