CRAN Package Check Results for Package VARSEDIG

Last updated on 2021-09-15 23:50:02 CEST.

Flavor Version Tinstall Tcheck Ttotal Status Flags
r-devel-linux-x86_64-debian-clang 1.9 5.19 46.39 51.58 NOTE
r-devel-linux-x86_64-debian-gcc 1.9 4.17 34.75 38.92 NOTE
r-devel-linux-x86_64-fedora-clang 1.9 70.07 NOTE
r-devel-linux-x86_64-fedora-gcc 1.9 59.58 NOTE
r-devel-windows-x86_64 1.9 7.00 61.00 68.00 OK
r-devel-windows-x86_64-gcc10-UCRT 1.9 OK
r-patched-linux-x86_64 1.9 4.80 42.71 47.51 NOTE
r-patched-solaris-x86 1.9 80.80 NOTE
r-release-linux-x86_64 1.9 4.55 43.31 47.86 NOTE
r-release-macos-arm64 1.9 OK
r-release-macos-x86_64 1.9 OK
r-release-windows-ix86+x86_64 1.9 9.00 62.00 71.00 OK
r-oldrel-macos-x86_64 1.9 OK
r-oldrel-windows-ix86+x86_64 1.9 8.00 53.00 61.00 OK

Check Details

Version: 1.9
Check: for non-standard things in the check directory
Result: NOTE
    Found the following files/directories:
     'Output.txt' 'Overlap.csv' 'Polar coordinates.csv'
Flavors: r-devel-linux-x86_64-debian-clang, r-devel-linux-x86_64-debian-gcc, r-devel-linux-x86_64-fedora-clang, r-devel-linux-x86_64-fedora-gcc, r-patched-linux-x86_64, r-patched-solaris-x86, r-release-linux-x86_64

Version: 1.9
Check: Rd cross-references
Result: NOTE
    Undeclared package ‘candisc’ in Rd xrefs
Flavor: r-devel-linux-x86_64-fedora-clang