CRAN Package Check Results for Package UpSetR

Last updated on 2024-07-15 00:50:00 CEST.

Flavor Version Tinstall Tcheck Ttotal Status Flags
r-devel-linux-x86_64-debian-clang 1.4.0 7.51 74.08 81.59 NOTE
r-devel-linux-x86_64-debian-gcc 1.4.0 6.29 55.15 61.44 NOTE
r-devel-linux-x86_64-fedora-clang 1.4.0 106.00 NOTE
r-devel-linux-x86_64-fedora-gcc 1.4.0 253.83 NOTE
r-devel-windows-x86_64 1.4.0 8.00 70.00 78.00 NOTE
r-patched-linux-x86_64 1.4.0 8.76 73.08 81.84 NOTE
r-release-linux-x86_64 1.4.0 10.14 69.25 79.39 NOTE
r-release-macos-arm64 1.4.0 64.00 NOTE
r-release-macos-x86_64 1.4.0 95.00 NOTE
r-release-windows-x86_64 1.4.0 10.00 69.00 79.00 NOTE
r-oldrel-macos-arm64 1.4.0 66.00 NOTE
r-oldrel-macos-x86_64 1.4.0 101.00 NOTE
r-oldrel-windows-x86_64 1.4.0 12.00 81.00 93.00 NOTE

Check Details

Version: 1.4.0
Check: LazyData
Result: NOTE 'LazyData' is specified without a 'data' directory Flavors: r-devel-linux-x86_64-debian-clang, r-devel-linux-x86_64-debian-gcc, r-devel-linux-x86_64-fedora-clang, r-devel-linux-x86_64-fedora-gcc, r-devel-windows-x86_64, r-patched-linux-x86_64, r-release-linux-x86_64, r-release-macos-arm64, r-release-macos-x86_64, r-release-windows-x86_64, r-oldrel-macos-arm64, r-oldrel-macos-x86_64, r-oldrel-windows-x86_64

Version: 1.4.0
Check: installed package size
Result: NOTE installed size is 8.1Mb sub-directories of 1Mb or more: doc 7.6Mb Flavors: r-devel-linux-x86_64-fedora-clang, r-devel-windows-x86_64, r-release-macos-arm64, r-release-macos-x86_64, r-release-windows-x86_64, r-oldrel-macos-arm64, r-oldrel-macos-x86_64, r-oldrel-windows-x86_64