CRAN Package Check Results for Package Umatrix

Last updated on 2021-10-15 23:50:47 CEST.

Flavor Version Tinstall Tcheck Ttotal Status Flags
r-devel-linux-x86_64-debian-clang 3.3 54.33 114.68 169.01 OK
r-devel-linux-x86_64-debian-gcc 3.3 39.94 82.95 122.89 OK
r-devel-linux-x86_64-fedora-clang 3.3 258.86 OK
r-devel-linux-x86_64-fedora-gcc 3.3 209.82 OK
r-devel-windows-x86_64 3.3 75.00 110.00 185.00 OK
r-devel-windows-x86_64-gcc10-UCRT 3.3 OK
r-patched-linux-x86_64 3.3 45.67 105.15 150.82 OK
r-patched-solaris-x86 3.3 252.80 OK
r-release-linux-x86_64 3.3 45.28 106.71 151.99 OK
r-release-macos-arm64 3.3 OK
r-release-macos-x86_64 3.3 OK
r-release-windows-ix86+x86_64 3.3 67.00 8.00 75.00 ERROR
r-oldrel-macos-x86_64 3.3 OK
r-oldrel-windows-ix86+x86_64 3.3 143.00 226.00 369.00 OK

Check Details

Version: 3.3
Check: whether package can be installed
Result: ERROR
    Installation failed.
Flavor: r-release-windows-ix86+x86_64