CRAN Package Check Results for Package TwitterAutomatedTrading

Last updated on 2021-10-20 23:50:28 CEST.

Flavor Version Tinstall Tcheck Ttotal Status Flags
r-devel-linux-x86_64-debian-clang 0.1.0 10.99 100.60 111.59 OK
r-devel-linux-x86_64-debian-gcc 0.1.0 9.23 74.53 83.76 OK
r-devel-linux-x86_64-fedora-clang 0.1.0 148.54 NOTE
r-devel-linux-x86_64-fedora-gcc 0.1.0 128.62 NOTE
r-devel-windows-x86_64 0.1.0 17.00 120.00 137.00 OK
r-devel-windows-x86_64-gcc10-UCRT 0.1.0 NOTE
r-patched-linux-x86_64 0.1.0 10.20 92.99 103.19 OK
r-patched-solaris-x86 0.1.0 189.30 NOTE
r-release-linux-x86_64 0.1.0 10.44 93.55 103.99 OK
r-release-macos-arm64 0.1.0 NOTE
r-release-macos-x86_64 0.1.0 NOTE
r-release-windows-ix86+x86_64 0.1.0 22.00 121.00 143.00 OK
r-oldrel-macos-x86_64 0.1.0 NOTE
r-oldrel-windows-ix86+x86_64 0.1.0 28.00 130.00 158.00 OK

Check Details

Version: 0.1.0
Check: data for non-ASCII characters
Result: NOTE
     Note: found 34 marked Latin-1 strings
Flavors: r-devel-linux-x86_64-fedora-clang, r-devel-linux-x86_64-fedora-gcc, r-devel-windows-x86_64-gcc10-UCRT, r-patched-solaris-x86, r-release-macos-arm64, r-release-macos-x86_64, r-oldrel-macos-x86_64