CRAN Package Check Results for Package TreeDist

Last updated on 2021-07-28 23:51:24 CEST.

Flavor Version Tinstall Tcheck Ttotal Status Flags
r-devel-linux-x86_64-debian-clang 2.1.1 NOTE
r-devel-linux-x86_64-debian-gcc 2.1.1 52.94 135.50 188.44 NOTE
r-devel-linux-x86_64-fedora-clang 2.1.1 344.82 NOTE
r-devel-linux-x86_64-fedora-gcc 2.1.1 313.93 NOTE
r-devel-windows-x86_64 2.1.1 72.00 232.00 304.00 NOTE
r-devel-windows-x86_64-gcc10-UCRT 2.1.1 NOTE
r-patched-linux-x86_64 2.1.1 62.07 171.19 233.26 NOTE
r-patched-solaris-x86 2.1.1 412.10 NOTE
r-release-linux-x86_64 2.1.1 58.30 171.35 229.65 NOTE
r-release-macos-arm64 2.1.1 NOTE
r-release-macos-x86_64 2.1.1 NOTE
r-release-windows-ix86+x86_64 2.1.1 180.00 286.00 466.00 NOTE
r-oldrel-macos-x86_64 2.1.1 NOTE
r-oldrel-windows-ix86+x86_64 2.1.1 127.00 310.00 437.00 NOTE

Check Details

Version: 2.1.1
Check: package dependencies
Result: NOTE
    Package suggested but not available for checking: 'TreeDistData'
Flavors: r-devel-linux-x86_64-debian-clang, r-devel-linux-x86_64-debian-gcc, r-devel-linux-x86_64-fedora-clang, r-devel-linux-x86_64-fedora-gcc, r-devel-windows-x86_64, r-devel-windows-x86_64-gcc10-UCRT, r-patched-linux-x86_64, r-patched-solaris-x86, r-release-linux-x86_64, r-release-macos-arm64, r-release-macos-x86_64, r-release-windows-ix86+x86_64, r-oldrel-macos-x86_64, r-oldrel-windows-ix86+x86_64