Last updated on 2023-06-09 00:54:37 CEST.
Flavor | Version | Tinstall | Tcheck | Ttotal | Status | Flags |
---|---|---|---|---|---|---|
r-devel-linux-x86_64-debian-clang | 0.1.1 | 6.73 | 60.16 | 66.89 | OK | |
r-devel-linux-x86_64-debian-gcc | 0.1.1 | 5.32 | 45.57 | 50.89 | OK | |
r-devel-linux-x86_64-fedora-clang | 0.1.1 | 83.06 | NOTE | |||
r-devel-linux-x86_64-fedora-gcc | 0.1.1 | 77.88 | NOTE | |||
r-devel-windows-x86_64 | 0.1.1 | 7.00 | 72.00 | 79.00 | OK | |
r-patched-linux-x86_64 | 0.1.1 | 4.90 | 54.77 | 59.67 | OK | |
r-release-linux-x86_64 | 0.1.1 | 4.09 | 54.68 | 58.77 | OK | |
r-release-macos-arm64 | 0.1.1 | 27.00 | OK | |||
r-release-macos-x86_64 | 0.1.1 | 42.00 | OK | |||
r-release-windows-x86_64 | 0.1.1 | 10.00 | 74.00 | 84.00 | OK | |
r-oldrel-macos-arm64 | 0.1.1 | 29.00 | NOTE | |||
r-oldrel-macos-x86_64 | 0.1.1 | 51.00 | NOTE | |||
r-oldrel-windows-x86_64 | 0.1.1 | 10.00 | 80.00 | 90.00 | OK |
Version: 0.1.1
Check: dependencies in R code
Result: NOTE
Namespace in Imports field not imported from: ‘tree’
All declared Imports should be used.
Flavors: r-devel-linux-x86_64-fedora-clang, r-devel-linux-x86_64-fedora-gcc, r-oldrel-macos-arm64, r-oldrel-macos-x86_64