CRAN Package Check Results for Package TSS.RESTREND

Last updated on 2021-09-23 23:50:24 CEST.

Flavor Version Tinstall Tcheck Ttotal Status Flags
r-devel-linux-x86_64-debian-clang 0.3.1 9.61 83.67 93.28 OK
r-devel-linux-x86_64-debian-gcc 0.3.1 8.16 61.39 69.55 OK
r-devel-linux-x86_64-fedora-clang 0.3.1 122.81 NOTE
r-devel-linux-x86_64-fedora-gcc 0.3.1 107.05 OK
r-devel-windows-x86_64 0.3.1 14.00 76.00 90.00 OK
r-devel-windows-x86_64-gcc10-UCRT 0.3.1 OK
r-patched-linux-x86_64 0.3.1 10.38 77.94 88.32 OK
r-patched-solaris-x86 0.3.1 147.50 OK
r-release-linux-x86_64 0.3.1 8.39 78.13 86.52 OK
r-release-macos-arm64 0.3.1 OK
r-release-macos-x86_64 0.3.1 OK
r-release-windows-ix86+x86_64 0.3.1 25.00 99.00 124.00 OK
r-oldrel-macos-x86_64 0.3.1 OK
r-oldrel-windows-ix86+x86_64 0.3.1 15.00 76.00 91.00 OK

Check Details

Version: 0.3.1
Check: Rd cross-references
Result: NOTE
    Undeclared package ‘gimms’ in Rd xrefs
Flavor: r-devel-linux-x86_64-fedora-clang