CRAN Package Check Results for Package TSPred

Last updated on 2021-12-02 23:51:26 CET.

Flavor Version Tinstall Tcheck Ttotal Status Flags
r-devel-linux-x86_64-debian-clang 5.1 9.41 82.64 92.05 OK
r-devel-linux-x86_64-debian-gcc 5.1 7.09 59.74 66.83 OK
r-devel-linux-x86_64-fedora-clang 5.1 125.69 NOTE
r-devel-linux-x86_64-fedora-gcc 5.1 109.20 NOTE
r-devel-windows-x86_64-new-UL 5.1 37.00 134.00 171.00 OK
r-devel-windows-x86_64-new-TK 5.1 NOTE
r-devel-windows-x86_64-old 5.1 16.00 90.00 106.00 OK
r-patched-linux-x86_64 5.1 16.09 77.27 93.36 OK
r-patched-solaris-x86 5.1 137.60 NOTE
r-release-linux-x86_64 5.1 9.07 77.23 86.30 OK
r-release-macos-arm64 5.1 NOTE
r-release-macos-x86_64 5.1 NOTE
r-release-windows-ix86+x86_64 5.1 16.00 109.00 125.00 OK
r-oldrel-macos-x86_64 5.1 NOTE
r-oldrel-windows-ix86+x86_64 5.1 16.00 116.00 132.00 OK

Check Details

Version: 5.1
Check: dependencies in R code
Result: NOTE
    Namespaces in Imports field not imported from:
     ‘EMD’ ‘vars’
     All declared Imports should be used.
Flavors: r-devel-linux-x86_64-fedora-clang, r-devel-linux-x86_64-fedora-gcc, r-devel-windows-x86_64-new-TK, r-patched-solaris-x86, r-release-macos-arm64, r-release-macos-x86_64, r-oldrel-macos-x86_64