CRAN Package Check Results for Package TSDFGS

Last updated on 2023-02-06 23:56:01 CET.

Flavor Version Tinstall Tcheck Ttotal Status Flags
r-devel-linux-x86_64-debian-clang 2.0 74.49 55.29 129.78 OK
r-devel-linux-x86_64-debian-gcc 2.0 59.52 44.45 103.97 OK
r-devel-linux-x86_64-fedora-clang 2.0 174.14 OK
r-devel-linux-x86_64-fedora-gcc 2.0 161.71 OK
r-devel-windows-x86_64 2.0 87.00 263.00 350.00 OK
r-patched-linux-x86_64 2.0 62.44 57.14 119.58 OK
r-release-linux-x86_64 2.0 60.06 57.40 117.46 OK
r-release-macos-arm64 2.0 50.00 NOTE
r-release-macos-x86_64 2.0 66.00 NOTE
r-release-windows-x86_64 2.0 62.00 382.00 444.00 OK
r-oldrel-macos-arm64 2.0 48.00 NOTE
r-oldrel-macos-x86_64 2.0 67.00 NOTE
r-oldrel-windows-ix86+x86_64 2.0 153.00 124.00 277.00 OK

Check Details

Version: 2.0
Check: installed package size
Result: NOTE
     installed size is 10.6Mb
     sub-directories of 1Mb or more:
     data 1.2Mb
     libs 9.3Mb
Flavors: r-release-macos-arm64, r-release-macos-x86_64, r-oldrel-macos-arm64, r-oldrel-macos-x86_64