CRAN Package Check Results for Package TSA

Last updated on 2021-10-27 23:50:43 CEST.

Flavor Version Tinstall Tcheck Ttotal Status Flags
r-devel-linux-x86_64-debian-clang 1.3 12.00 108.07 120.07 OK
r-devel-linux-x86_64-debian-gcc 1.3 11.46 82.18 93.64 OK
r-devel-linux-x86_64-fedora-clang 1.3 154.66 NOTE
r-devel-linux-x86_64-fedora-gcc 1.3 144.49 NOTE
r-devel-windows-x86_64 1.3 20.00 154.00 174.00 OK
r-devel-windows-x86_64-gcc10-UCRT 1.3 NOTE
r-patched-linux-x86_64 1.3 13.03 106.31 119.34 OK
r-patched-solaris-x86 1.3 205.00 NOTE
r-release-linux-x86_64 1.3 12.34 105.77 118.11 OK
r-release-macos-arm64 1.3 NOTE
r-release-macos-x86_64 1.3 NOTE
r-release-windows-ix86+x86_64 1.3 19.00 152.00 171.00 OK
r-oldrel-macos-x86_64 1.3 NOTE
r-oldrel-windows-ix86+x86_64 1.3 18.00 148.00 166.00 OK

Check Details

Version: 1.3
Check: dependencies in R code
Result: NOTE
    Namespace in Imports field not imported from: ‘tseries’
     All declared Imports should be used.
Flavors: r-devel-linux-x86_64-fedora-clang, r-devel-linux-x86_64-fedora-gcc, r-devel-windows-x86_64-gcc10-UCRT, r-patched-solaris-x86, r-release-macos-arm64, r-release-macos-x86_64, r-oldrel-macos-x86_64