CRAN Package Check Results for Package TMB

Last updated on 2021-10-15 23:50:47 CEST.

Flavor Version Tinstall Tcheck Ttotal Status Flags
r-devel-linux-x86_64-debian-clang 1.7.22 74.35 78.23 152.58 OK
r-devel-linux-x86_64-debian-gcc 1.7.22 54.66 59.31 113.97 OK
r-devel-linux-x86_64-fedora-clang 1.7.22 215.84 NOTE
r-devel-linux-x86_64-fedora-gcc 1.7.22 195.51 OK
r-devel-windows-x86_64 1.7.22 67.00 107.00 174.00 NOTE
r-devel-windows-x86_64-gcc10-UCRT 1.7.22 OK
r-patched-linux-x86_64 1.7.22 62.16 76.20 138.36 OK
r-patched-solaris-x86 1.7.22 196.10 OK
r-release-linux-x86_64 1.7.22 62.50 75.55 138.05 OK
r-release-macos-arm64 1.7.22 NOTE
r-release-macos-x86_64 1.7.22 NOTE
r-release-windows-ix86+x86_64 1.7.22 156.00 128.00 284.00 NOTE
r-oldrel-macos-x86_64 1.7.22 NOTE
r-oldrel-windows-ix86+x86_64 1.7.22 153.00 126.00 279.00 NOTE

Check Details

Version: 1.7.22
Check: installed package size
Result: NOTE
     installed size is 16.0Mb
     sub-directories of 1Mb or more:
     examples 12.5Mb
     include 3.0Mb
Flavors: r-devel-linux-x86_64-fedora-clang, r-devel-windows-x86_64, r-release-macos-arm64, r-release-macos-x86_64, r-release-windows-ix86+x86_64, r-oldrel-macos-x86_64, r-oldrel-windows-ix86+x86_64