CRAN Package Check Results for Package TKCat

Last updated on 2023-05-29 00:59:47 CEST.

Flavor Version Tinstall Tcheck Ttotal Status Flags
r-devel-linux-x86_64-debian-clang 1.0.7 30.05 309.70 339.75 OK
r-devel-linux-x86_64-debian-gcc 1.0.7 24.89 220.96 245.85 OK
r-devel-linux-x86_64-fedora-clang 1.0.7 409.70 OK
r-devel-linux-x86_64-fedora-gcc 1.0.7 460.22 OK
r-devel-windows-x86_64 1.0.7 26.00 356.00 382.00 WARN
r-patched-linux-x86_64 1.0.7 27.54 295.99 323.53 OK
r-release-linux-x86_64 1.0.7 20.55 298.26 318.81 OK
r-release-macos-arm64 1.0.7 107.00 OK
r-release-macos-x86_64 1.0.7 199.00 OK
r-release-windows-x86_64 1.0.7 34.00 431.00 465.00 WARN
r-oldrel-macos-arm64 1.0.7 85.00 OK
r-oldrel-macos-x86_64 1.0.7 151.00 OK
r-oldrel-windows-x86_64 1.0.7 35.00 357.00 392.00 WARN

Check Details

Version: 1.0.7
Check: startup messages can be suppressed
Result: NOTE
     #STDOFF 2:05:08.9
     #STDOFF 8:05:43.2
     #STDOFF 7:36:41.7
     #STDOFF -0:25:21.1
     #STDOFF 1:39:49.2
     #STDOFF -0:36:44.68
     #STDOFF -4:56:01.6
     #STDOFF -3:58:29.2
     #STDOFF -4:19:18.3
     #STDOFF -5:36:13.3
     #STDOFF -4:56:16.4
     #STDOFF 2:05:08.9
     #STDOFF 8:05:43.2
     #STDOFF 7:36:41.7
     #STDOFF -0:25:21.1
     #STDOFF 1:39:49.2
     #STDOFF -0:36:44.68
     #STDOFF -4:56:01.6
     #STDOFF -3:58:29.2
     #STDOFF -4:19:18.3
     #STDOFF -5:36:13.3
     #STDOFF -4:56:16.4
    
    It looks like this package (or a package it requires) has a startup
    message which cannot be suppressed: see ?packageStartupMessage.
Flavors: r-devel-windows-x86_64, r-release-windows-x86_64

Version: 1.0.7
Check: dependencies in R code
Result: NOTE
     #STDOFF 2:05:08.9
     #STDOFF 8:05:43.2
     #STDOFF 7:36:41.7
     #STDOFF -0:25:21.1
     #STDOFF 1:39:49.2
     #STDOFF -0:36:44.68
     #STDOFF -4:56:01.6
     #STDOFF -3:58:29.2
     #STDOFF -4:19:18.3
     #STDOFF -5:36:13.3
     #STDOFF -4:56:16.4
     #STDOFF 2:05:08.9
     #STDOFF 8:05:43.2
     #STDOFF 7:36:41.7
     #STDOFF -0:25:21.1
     #STDOFF 1:39:49.2
     #STDOFF -0:36:44.68
     #STDOFF -4:56:01.6
     #STDOFF -3:58:29.2
     #STDOFF -4:19:18.3
     #STDOFF -5:36:13.3
     #STDOFF -4:56:16.4
Flavors: r-devel-windows-x86_64, r-release-windows-x86_64, r-oldrel-windows-x86_64

Version: 1.0.7
Check: S3 generic/method consistency
Result: WARN
     #STDOFF 2:05:08.9
     #STDOFF 8:05:43.2
     #STDOFF 7:36:41.7
     #STDOFF -0:25:21.1
     #STDOFF 1:39:49.2
     #STDOFF -0:36:44.68
     #STDOFF -4:56:01.6
     #STDOFF -3:58:29.2
     #STDOFF -4:19:18.3
     #STDOFF -5:36:13.3
     #STDOFF -4:56:16.4
     #STDOFF 2:05:08.9
     #STDOFF 8:05:43.2
     #STDOFF 7:36:41.7
     #STDOFF -0:25:21.1
     #STDOFF 1:39:49.2
     #STDOFF -0:36:44.68
     #STDOFF -4:56:01.6
     #STDOFF -3:58:29.2
     #STDOFF -4:19:18.3
     #STDOFF -5:36:13.3
     #STDOFF -4:56:16.4
    See section 'Generic functions and methods' in the 'Writing R
    Extensions' manual.
Flavors: r-devel-windows-x86_64, r-release-windows-x86_64, r-oldrel-windows-x86_64

Version: 1.0.7
Check: replacement functions
Result: WARN
     #STDOFF 2:05:08.9
     #STDOFF 8:05:43.2
     #STDOFF 7:36:41.7
     #STDOFF -0:25:21.1
     #STDOFF 1:39:49.2
     #STDOFF -0:36:44.68
     #STDOFF -4:56:01.6
     #STDOFF -3:58:29.2
     #STDOFF -4:19:18.3
     #STDOFF -5:36:13.3
     #STDOFF -4:56:16.4
     #STDOFF 2:05:08.9
     #STDOFF 8:05:43.2
     #STDOFF 7:36:41.7
     #STDOFF -0:25:21.1
     #STDOFF 1:39:49.2
     #STDOFF -0:36:44.68
     #STDOFF -4:56:01.6
     #STDOFF -3:58:29.2
     #STDOFF -4:19:18.3
     #STDOFF -5:36:13.3
     #STDOFF -4:56:16.4
    The argument of a replacement function which corresponds to the right
    hand side must be named 'value'.
Flavors: r-devel-windows-x86_64, r-release-windows-x86_64, r-oldrel-windows-x86_64

Version: 1.0.7
Check: foreign function calls
Result: NOTE
     #STDOFF 2:05:08.9
     #STDOFF 8:05:43.2
     #STDOFF 7:36:41.7
     #STDOFF -0:25:21.1
     #STDOFF 1:39:49.2
     #STDOFF -0:36:44.68
     #STDOFF -4:56:01.6
     #STDOFF -3:58:29.2
     #STDOFF -4:19:18.3
     #STDOFF -5:36:13.3
     #STDOFF -4:56:16.4
     #STDOFF 2:05:08.9
     #STDOFF 8:05:43.2
     #STDOFF 7:36:41.7
     #STDOFF -0:25:21.1
     #STDOFF 1:39:49.2
     #STDOFF -0:36:44.68
     #STDOFF -4:56:01.6
     #STDOFF -3:58:29.2
     #STDOFF -4:19:18.3
     #STDOFF -5:36:13.3
     #STDOFF -4:56:16.4
    See chapter 'System and foreign language interfaces' in the 'Writing R
    Extensions' manual.
Flavors: r-devel-windows-x86_64, r-release-windows-x86_64, r-oldrel-windows-x86_64

Version: 1.0.7
Check: R code for possible problems
Result: NOTE
     #STDOFF 2:05:08.9
     #STDOFF 8:05:43.2
     #STDOFF 7:36:41.7
     #STDOFF -0:25:21.1
     #STDOFF 1:39:49.2
     #STDOFF -0:36:44.68
     #STDOFF -4:56:01.6
     #STDOFF -3:58:29.2
     #STDOFF -4:19:18.3
     #STDOFF -5:36:13.3
     #STDOFF -4:56:16.4
     #STDOFF 2:05:08.9
     #STDOFF 8:05:43.2
     #STDOFF 7:36:41.7
     #STDOFF -0:25:21.1
     #STDOFF 1:39:49.2
     #STDOFF -0:36:44.68
     #STDOFF -4:56:01.6
     #STDOFF -3:58:29.2
     #STDOFF -4:19:18.3
     #STDOFF -5:36:13.3
     #STDOFF -4:56:16.4
Flavors: r-devel-windows-x86_64, r-release-windows-x86_64, r-oldrel-windows-x86_64

Version: 1.0.7
Check: for missing documentation entries
Result: WARN
     #STDOFF 2:05:08.9
     #STDOFF 8:05:43.2
     #STDOFF 7:36:41.7
     #STDOFF -0:25:21.1
     #STDOFF 1:39:49.2
     #STDOFF -0:36:44.68
     #STDOFF -4:56:01.6
     #STDOFF -3:58:29.2
     #STDOFF -4:19:18.3
     #STDOFF -5:36:13.3
     #STDOFF -4:56:16.4
     #STDOFF 2:05:08.9
     #STDOFF 8:05:43.2
     #STDOFF 7:36:41.7
     #STDOFF -0:25:21.1
     #STDOFF 1:39:49.2
     #STDOFF -0:36:44.68
     #STDOFF -4:56:01.6
     #STDOFF -3:58:29.2
     #STDOFF -4:19:18.3
     #STDOFF -5:36:13.3
     #STDOFF -4:56:16.4
    All user-level objects in a package should have documentation entries.
    See chapter 'Writing R documentation files' in the 'Writing R
    Extensions' manual.
Flavors: r-devel-windows-x86_64, r-release-windows-x86_64, r-oldrel-windows-x86_64

Version: 1.0.7
Check: for code/documentation mismatches
Result: WARN
     #STDOFF 2:05:08.9
     #STDOFF 8:05:43.2
     #STDOFF 7:36:41.7
     #STDOFF -0:25:21.1
     #STDOFF 1:39:49.2
     #STDOFF -0:36:44.68
     #STDOFF -4:56:01.6
     #STDOFF -3:58:29.2
     #STDOFF -4:19:18.3
     #STDOFF -5:36:13.3
     #STDOFF -4:56:16.4
     #STDOFF 2:05:08.9
     #STDOFF 8:05:43.2
     #STDOFF 7:36:41.7
     #STDOFF -0:25:21.1
     #STDOFF 1:39:49.2
     #STDOFF -0:36:44.68
     #STDOFF -4:56:01.6
     #STDOFF -3:58:29.2
     #STDOFF -4:19:18.3
     #STDOFF -5:36:13.3
     #STDOFF -4:56:16.4
     #STDOFF 2:05:08.9
     #STDOFF 8:05:43.2
     #STDOFF 7:36:41.7
     #STDOFF -0:25:21.1
     #STDOFF 1:39:49.2
     #STDOFF -0:36:44.68
     #STDOFF -4:56:01.6
     #STDOFF -3:58:29.2
     #STDOFF -4:19:18.3
     #STDOFF -5:36:13.3
     #STDOFF -4:56:16.4
     #STDOFF 2:05:08.9
     #STDOFF 8:05:43.2
     #STDOFF 7:36:41.7
     #STDOFF -0:25:21.1
     #STDOFF 1:39:49.2
     #STDOFF -0:36:44.68
     #STDOFF -4:56:01.6
     #STDOFF -3:58:29.2
     #STDOFF -4:19:18.3
     #STDOFF -5:36:13.3
     #STDOFF -4:56:16.4
     #STDOFF 2:05:08.9
     #STDOFF 8:05:43.2
     #STDOFF 7:36:41.7
     #STDOFF -0:25:21.1
     #STDOFF 1:39:49.2
     #STDOFF -0:36:44.68
     #STDOFF -4:56:01.6
     #STDOFF -3:58:29.2
     #STDOFF -4:19:18.3
     #STDOFF -5:36:13.3
     #STDOFF -4:56:16.4
     #STDOFF 2:05:08.9
     #STDOFF 8:05:43.2
     #STDOFF 7:36:41.7
     #STDOFF -0:25:21.1
     #STDOFF 1:39:49.2
     #STDOFF -0:36:44.68
     #STDOFF -4:56:01.6
     #STDOFF -3:58:29.2
     #STDOFF -4:19:18.3
     #STDOFF -5:36:13.3
     #STDOFF -4:56:16.4
Flavors: r-devel-windows-x86_64, r-release-windows-x86_64, r-oldrel-windows-x86_64

Version: 1.0.7
Check: Rd \usage sections
Result: NOTE
     #STDOFF 2:05:08.9
     #STDOFF 8:05:43.2
     #STDOFF 7:36:41.7
     #STDOFF -0:25:21.1
     #STDOFF 1:39:49.2
     #STDOFF -0:36:44.68
     #STDOFF -4:56:01.6
     #STDOFF -3:58:29.2
     #STDOFF -4:19:18.3
     #STDOFF -5:36:13.3
     #STDOFF -4:56:16.4
     #STDOFF 2:05:08.9
     #STDOFF 8:05:43.2
     #STDOFF 7:36:41.7
     #STDOFF -0:25:21.1
     #STDOFF 1:39:49.2
     #STDOFF -0:36:44.68
     #STDOFF -4:56:01.6
     #STDOFF -3:58:29.2
     #STDOFF -4:19:18.3
     #STDOFF -5:36:13.3
     #STDOFF -4:56:16.4
    The \usage entries for S3 methods should use the \method markup and not
    their full name.
    See chapter 'Writing R documentation files' in the 'Writing R
    Extensions' manual.
Flavors: r-devel-windows-x86_64, r-release-windows-x86_64, r-oldrel-windows-x86_64