CRAN Package Check Results for Package TIMP

Last updated on 2021-10-18 23:49:49 CEST.

Flavor Version Tinstall Tcheck Ttotal Status Flags
r-devel-linux-x86_64-debian-clang 1.13.2 21.92 158.98 180.90 NOTE
r-devel-linux-x86_64-debian-gcc 1.13.2 16.57 115.77 132.34 NOTE
r-devel-linux-x86_64-fedora-clang 1.13.2 224.03 NOTE
r-devel-linux-x86_64-fedora-gcc 1.13.2 210.51 NOTE
r-devel-windows-x86_64 1.13.2 32.00 373.00 405.00 OK
r-devel-windows-x86_64-gcc10-UCRT 1.13.2 OK
r-patched-linux-x86_64 1.13.2 21.30 150.17 171.47 NOTE
r-patched-solaris-x86 1.13.2 271.30 NOTE
r-release-linux-x86_64 1.13.2 20.76 149.98 170.74 NOTE
r-release-macos-arm64 1.13.2 OK
r-release-macos-x86_64 1.13.2 OK
r-release-windows-ix86+x86_64 1.13.2 27.00 499.00 526.00 OK
r-oldrel-macos-x86_64 1.13.2 OK
r-oldrel-windows-ix86+x86_64 1.13.2 44.00 466.00 510.00 OK

Check Details

Version: 1.13.2
Check: for non-standard things in the check directory
Result: NOTE
    Found the following files/directories:
     '_paramEst.txt'
Flavors: r-devel-linux-x86_64-debian-clang, r-devel-linux-x86_64-debian-gcc, r-devel-linux-x86_64-fedora-clang, r-devel-linux-x86_64-fedora-gcc, r-patched-linux-x86_64, r-patched-solaris-x86, r-release-linux-x86_64