Last updated on 2023-02-05 23:58:58 CET.
Flavor | Version | Tinstall | Tcheck | Ttotal | Status | Flags |
---|---|---|---|---|---|---|
r-devel-linux-x86_64-debian-clang | 1.0.5 | 64.36 | 43.71 | 108.07 | NOTE | |
r-devel-linux-x86_64-debian-gcc | 1.0.5 | 55.90 | 33.53 | 89.43 | NOTE | |
r-devel-linux-x86_64-fedora-clang | 1.0.5 | 143.43 | NOTE | |||
r-devel-linux-x86_64-fedora-gcc | 1.0.5 | 145.44 | NOTE | |||
r-devel-windows-x86_64 | 1.0.5 | 212.00 | 101.00 | 313.00 | NOTE | |
r-patched-linux-x86_64 | 1.0.5 | 59.54 | 44.25 | 103.79 | OK | |
r-release-linux-x86_64 | 1.0.5 | 59.94 | 44.18 | 104.12 | OK | |
r-release-macos-arm64 | 1.0.5 | 42.00 | NOTE | |||
r-release-macos-x86_64 | 1.0.5 | 69.00 | NOTE | |||
r-release-windows-x86_64 | 1.0.5 | 135.00 | 108.00 | 243.00 | OK | |
r-oldrel-macos-arm64 | 1.0.5 | 36.00 | NOTE | |||
r-oldrel-macos-x86_64 | 1.0.5 | 49.00 | NOTE | |||
r-oldrel-windows-ix86+x86_64 | 1.0.5 | 144.00 | 128.00 | 272.00 | OK |
Version: 1.0.5
Check: C++ specification
Result: NOTE
Specified C++11: please update to current default of C++17
Flavors: r-devel-linux-x86_64-debian-clang, r-devel-linux-x86_64-debian-gcc, r-devel-linux-x86_64-fedora-clang, r-devel-linux-x86_64-fedora-gcc, r-devel-windows-x86_64
Version: 1.0.5
Check: installed package size
Result: NOTE
installed size is 5.7Mb
sub-directories of 1Mb or more:
libs 5.4Mb
Flavors: r-release-macos-arm64, r-release-macos-x86_64, r-oldrel-macos-arm64, r-oldrel-macos-x86_64