CRAN Package Check Results for Package SuperLearner

Last updated on 2021-10-16 23:49:38 CEST.

Flavor Version Tinstall Tcheck Ttotal Status Flags
r-devel-linux-x86_64-debian-clang 2.0-28 6.21 400.76 406.97 OK
r-devel-linux-x86_64-debian-gcc 2.0-28 5.86 294.74 300.60 OK
r-devel-linux-x86_64-fedora-clang 2.0-28 482.14 OK
r-devel-linux-x86_64-fedora-gcc 2.0-28 486.60 OK
r-devel-windows-x86_64 2.0-28 9.00 359.00 368.00 OK
r-devel-windows-x86_64-gcc10-UCRT 2.0-28 NOTE
r-patched-linux-x86_64 2.0-28 8.08 386.97 395.05 OK
r-patched-solaris-x86 2.0-28 302.00 OK
r-release-linux-x86_64 2.0-28 6.35 383.43 389.78 OK
r-release-macos-arm64 2.0-28 OK
r-release-macos-x86_64 2.0-28 OK
r-release-windows-ix86+x86_64 2.0-28 9.00 462.00 471.00 OK
r-oldrel-macos-x86_64 2.0-28 OK
r-oldrel-windows-ix86+x86_64 2.0-28 14.00 477.00 491.00 OK

Check Details

Version: 2.0-28
Check: package dependencies
Result: NOTE
    Packages suggested but not available for checking: 'genefilter', 'sva'
Flavor: r-devel-windows-x86_64-gcc10-UCRT