CRAN Package Check Results for Package SuperGauss

Last updated on 2024-06-15 00:54:19 CEST.

Flavor Version Tinstall Tcheck Ttotal Status Flags
r-devel-linux-x86_64-debian-clang 2.0.3 99.97 179.87 279.84 OK
r-devel-linux-x86_64-debian-gcc 2.0.3 70.01 174.23 244.24 OK
r-devel-linux-x86_64-fedora-clang 2.0.3 375.00 OK
r-devel-linux-x86_64-fedora-gcc 2.0.3 449.64 OK
r-devel-windows-x86_64 2.0.3 82.00 200.00 282.00 OK
r-patched-linux-x86_64 2.0.3 88.23 223.67 311.90 OK
r-release-linux-x86_64 2.0.3 79.64 228.93 308.57 OK
r-release-macos-arm64 2.0.3 163.00 NOTE
r-release-macos-x86_64 2.0.3 200.00 NOTE
r-release-windows-x86_64 2.0.3 83.00 220.00 303.00 OK
r-oldrel-macos-arm64 2.0.3 186.00 NOTE
r-oldrel-macos-x86_64 2.0.3 276.00 NOTE
r-oldrel-windows-x86_64 2.0.3 100.00 276.00 376.00 OK

Check Details

Version: 2.0.3
Check: installed package size
Result: NOTE installed size is 7.9Mb sub-directories of 1Mb or more: libs 7.2Mb Flavors: r-release-macos-arm64, r-release-macos-x86_64, r-oldrel-macos-arm64, r-oldrel-macos-x86_64