CRAN Package Check Results for Package SubpathwayGMir

Last updated on 2022-01-20 23:52:31 CET.

Flavor Version Tinstall Tcheck Ttotal Status Flags
r-devel-linux-x86_64-debian-clang 1.0 NOTE
r-devel-linux-x86_64-debian-gcc 1.0 8.10 118.19 126.29 NOTE
r-devel-linux-x86_64-fedora-clang 1.0 198.62 NOTE
r-devel-linux-x86_64-fedora-gcc 1.0 191.62 NOTE
r-devel-windows-x86_64-new-UL 1.0 69.00 251.00 320.00 NOTE
r-devel-windows-x86_64-new-TK 1.0 NOTE
r-patched-linux-x86_64 1.0 12.44 142.51 154.95 NOTE
r-release-linux-x86_64 1.0 7.73 142.67 150.40 NOTE
r-release-macos-arm64 1.0 NOTE
r-release-macos-x86_64 1.0 NOTE
r-release-windows-ix86+x86_64 1.0 17.00 189.00 206.00 NOTE
r-oldrel-macos-x86_64 1.0 NOTE
r-oldrel-windows-ix86+x86_64 1.0 17.00 184.00 201.00 NOTE

Check Details

Version: 1.0
Check: R code for possible problems
Result: NOTE
    identifyGraph: no visible global function definition for 'phyper'
    mytriangle: no visible global function definition for 'symbols'
    plotGraph: no visible global function definition for 'par'
    updateOrgEnvir: no visible global function definition for 'read.table'
    Undefined global functions or variables:
     par phyper read.table symbols
    Consider adding
     importFrom("graphics", "par", "symbols")
     importFrom("stats", "phyper")
     importFrom("utils", "read.table")
    to your NAMESPACE file.
Flavors: r-devel-linux-x86_64-debian-clang, r-devel-linux-x86_64-debian-gcc, r-devel-linux-x86_64-fedora-clang, r-devel-linux-x86_64-fedora-gcc, r-devel-windows-x86_64-new-UL, r-devel-windows-x86_64-new-TK, r-patched-linux-x86_64, r-release-linux-x86_64, r-release-macos-arm64, r-release-macos-x86_64, r-release-windows-ix86+x86_64, r-oldrel-macos-x86_64, r-oldrel-windows-ix86+x86_64