CRAN Package Check Results for Package StroupGLMM

Last updated on 2021-09-23 23:50:22 CEST.

Flavor Version Tinstall Tcheck Ttotal Status Flags
r-devel-linux-x86_64-debian-clang 0.1.0 15.97 136.18 152.15 OK
r-devel-linux-x86_64-debian-gcc 0.1.0 13.15 103.36 116.51 OK
r-devel-linux-x86_64-fedora-clang 0.1.0 188.51 NOTE
r-devel-linux-x86_64-fedora-gcc 0.1.0 176.43 NOTE
r-devel-windows-x86_64 0.1.0 18.00 128.00 146.00 OK
r-devel-windows-x86_64-gcc10-UCRT 0.1.0 NOTE
r-patched-linux-x86_64 0.1.0 16.26 127.69 143.95 OK
r-patched-solaris-x86 0.1.0 260.80 NOTE
r-release-linux-x86_64 0.1.0 13.51 129.20 142.71 OK
r-release-macos-arm64 0.1.0 NOTE
r-release-macos-x86_64 0.1.0 NOTE
r-release-windows-ix86+x86_64 0.1.0 38.00 163.00 201.00 OK
r-oldrel-macos-x86_64 0.1.0 NOTE
r-oldrel-windows-ix86+x86_64 0.1.0 26.00 128.00 154.00 OK

Check Details

Version: 0.1.0
Check: dependencies in R code
Result: NOTE
    Namespaces in Imports field not imported from:
     ‘broom’ ‘car’ ‘lmerTest’ ‘pbkrtest’
     All declared Imports should be used.
Flavors: r-devel-linux-x86_64-fedora-clang, r-devel-linux-x86_64-fedora-gcc, r-devel-windows-x86_64-gcc10-UCRT, r-patched-solaris-x86, r-release-macos-arm64, r-release-macos-x86_64, r-oldrel-macos-x86_64