Last updated on 2023-05-30 00:59:58 CEST.
Flavor | Version | Tinstall | Tcheck | Ttotal | Status | Flags |
---|---|---|---|---|---|---|
r-devel-linux-x86_64-debian-clang | 0.2.2 | 11.83 | 93.07 | 104.90 | NOTE | |
r-devel-linux-x86_64-debian-gcc | 0.2.2 | 8.90 | 71.89 | 80.79 | NOTE | |
r-devel-linux-x86_64-fedora-clang | 0.2.2 | 129.38 | NOTE | |||
r-devel-linux-x86_64-fedora-gcc | 0.2.2 | 142.36 | NOTE | |||
r-devel-windows-x86_64 | 0.2.2 | 11.00 | 84.00 | 95.00 | NOTE | |
r-patched-linux-x86_64 | 0.2.2 | 11.69 | 88.98 | 100.67 | NOTE | |
r-release-linux-x86_64 | 0.2.2 | 10.01 | 88.71 | 98.72 | NOTE | |
r-release-macos-arm64 | 0.2.2 | 39.00 | NOTE | |||
r-release-macos-x86_64 | 0.2.2 | 66.00 | NOTE | |||
r-release-windows-x86_64 | 0.2.2 | 15.00 | 102.00 | 117.00 | NOTE | |
r-oldrel-macos-arm64 | 0.2.2 | 36.00 | NOTE | |||
r-oldrel-macos-x86_64 | 0.2.2 | 73.00 | NOTE | |||
r-oldrel-windows-x86_64 | 0.2.2 | 14.00 | 103.00 | 117.00 | NOTE |
Version: 0.2.2
Check: LazyData
Result: NOTE
'LazyData' is specified without a 'data' directory
Flavors: r-devel-linux-x86_64-debian-clang, r-devel-linux-x86_64-debian-gcc, r-devel-linux-x86_64-fedora-clang, r-devel-linux-x86_64-fedora-gcc, r-devel-windows-x86_64, r-patched-linux-x86_64, r-release-linux-x86_64, r-release-macos-arm64, r-release-macos-x86_64, r-release-windows-x86_64, r-oldrel-macos-arm64, r-oldrel-macos-x86_64, r-oldrel-windows-x86_64