CRAN Package Check Results for Package SteppedPower

Last updated on 2021-10-18 23:49:48 CEST.

Flavor Version Tinstall Tcheck Ttotal Status Flags
r-devel-linux-x86_64-debian-clang 0.2.0 11.94 127.64 139.58 OK
r-devel-linux-x86_64-debian-gcc 0.2.0 7.56 95.64 103.20 OK
r-devel-linux-x86_64-fedora-clang 0.2.0 182.70 OK
r-devel-linux-x86_64-fedora-gcc 0.2.0 163.69 OK
r-devel-windows-x86_64 0.2.0 18.00 159.00 177.00 OK
r-devel-windows-x86_64-gcc10-UCRT 0.2.0 OK
r-patched-linux-x86_64 0.2.0 10.00 121.29 131.29 OK
r-patched-solaris-x86 0.2.0 184.60 OK
r-release-linux-x86_64 0.2.0 10.84 119.37 130.21 OK
r-release-macos-arm64 0.2.0 OK
r-release-macos-x86_64 0.2.0 WARN
r-release-windows-ix86+x86_64 0.2.0 20.00 161.00 181.00 OK
r-oldrel-macos-x86_64 0.2.0 WARN
r-oldrel-windows-ix86+x86_64 0.2.0 28.00 174.00 202.00 OK

Check Details

Version: 0.2.0
Check: re-building of vignette outputs
Result: WARN
    Error(s) in re-building vignettes:
     ...
    --- re-building ‘Getting_Started.Rmd’ using rmarkdown
    Warning in engine$weave(file, quiet = quiet, encoding = enc) :
     Pandoc (>= 1.12.3) not available. Falling back to R Markdown v1.
    Quitting from lines 206-208 (Getting_Started.Rmd)
    Error: processing vignette 'Getting_Started.Rmd' failed with diagnostics:
    invalid 'path' argument
    --- failed re-building ‘Getting_Started.Rmd’
    
    SUMMARY: processing the following file failed:
     ‘Getting_Started.Rmd’
    
    Error: Vignette re-building failed.
    Execution halted
Flavors: r-release-macos-x86_64, r-oldrel-macos-x86_64