CRAN Package Check Results for Package StatCharrms

Last updated on 2021-09-24 23:54:04 CEST.

Flavor Version Tinstall Tcheck Ttotal Status Flags
r-devel-linux-x86_64-debian-clang 0.90.96 15.17 162.23 177.40 OK
r-devel-linux-x86_64-debian-gcc 0.90.96 12.20 120.09 132.29 OK
r-devel-linux-x86_64-fedora-clang 0.90.96 216.41 OK
r-devel-linux-x86_64-fedora-gcc 0.90.96 206.10 OK
r-devel-windows-x86_64 0.90.96 18.00 141.00 159.00 OK
r-devel-windows-x86_64-gcc10-UCRT 0.90.96 OK
r-patched-linux-x86_64 0.90.96 19.42 151.32 170.74 OK
r-patched-solaris-x86 0.90.96 318.70 OK
r-release-linux-x86_64 0.90.96 13.59 153.01 166.60 OK
r-release-macos-arm64 0.90.96 ERROR
r-release-macos-x86_64 0.90.96 OK
r-release-windows-ix86+x86_64 0.90.96 34.00 181.00 215.00 OK
r-oldrel-macos-x86_64 0.90.96 OK
r-oldrel-windows-ix86+x86_64 0.90.96 25.00 137.00 162.00 OK

Check Details

Version: 0.90.96
Check: package dependencies
Result: ERROR
    Packages required but not available:
     'RGtk2', 'gWidgets2RGtk2', 'cairoDevice', 'RSCABS'
    
    See section ‘The DESCRIPTION file’ in the ‘Writing R Extensions’
    manual.
Flavor: r-release-macos-arm64