CRAN Package Check Results for Package StackImpute

Last updated on 2022-01-21 23:49:02 CET.

Flavor Version Tinstall Tcheck Ttotal Status Flags
r-devel-linux-x86_64-debian-clang 0.1.0 11.55 45.90 57.45 OK
r-devel-linux-x86_64-debian-gcc 0.1.0 12.19 35.78 47.97 OK
r-devel-linux-x86_64-fedora-clang 0.1.0 73.07 NOTE
r-devel-linux-x86_64-fedora-gcc 0.1.0 61.45 NOTE
r-devel-windows-x86_64-new-UL 0.1.0 36.00 68.00 104.00 OK
r-devel-windows-x86_64-new-TK 0.1.0 NOTE
r-patched-linux-x86_64 0.1.0 9.63 43.51 53.14 OK
r-release-linux-x86_64 0.1.0 9.31 44.22 53.53 OK
r-release-macos-arm64 0.1.0 NOTE
r-release-macos-x86_64 0.1.0 NOTE
r-release-windows-ix86+x86_64 0.1.0 18.00 55.00 73.00 OK
r-oldrel-macos-x86_64 0.1.0 NOTE
r-oldrel-windows-ix86+x86_64 0.1.0 20.00 63.00 83.00 OK

Check Details

Version: 0.1.0
Check: dependencies in R code
Result: NOTE
    Namespaces in Imports field not imported from:
     ‘MASS’ ‘mice’ ‘sandwich’ ‘zoo’
     All declared Imports should be used.
Flavors: r-devel-linux-x86_64-fedora-clang, r-devel-linux-x86_64-fedora-gcc, r-devel-windows-x86_64-new-TK, r-release-macos-arm64, r-release-macos-x86_64, r-oldrel-macos-x86_64