CRAN Package Check Results for Package StMoSim

Last updated on 2021-12-01 23:51:52 CET.

Flavor Version Tinstall Tcheck Ttotal Status Flags
r-devel-linux-x86_64-debian-clang 3.1.1 18.23 26.37 44.60 NOTE
r-devel-linux-x86_64-debian-gcc 3.1.1 13.21 21.02 34.23 NOTE
r-devel-linux-x86_64-fedora-clang 3.1.1 76.92 NOTE
r-devel-linux-x86_64-fedora-gcc 3.1.1 59.29 NOTE
r-devel-windows-x86_64-new-UL 3.1.1 33.00 97.00 130.00 NOTE
r-devel-windows-x86_64-new-TK 3.1.1 NOTE
r-devel-windows-x86_64-old 3.1.1 29.00 45.00 74.00 NOTE
r-patched-linux-x86_64 3.1.1 16.82 25.49 42.31 NOTE
r-patched-solaris-x86 3.1.1 77.20 NOTE
r-release-linux-x86_64 3.1.1 17.04 25.53 42.57 NOTE
r-release-macos-arm64 3.1.1 NOTE
r-release-macos-x86_64 3.1.1 NOTE
r-release-windows-ix86+x86_64 3.1.1 55.00 68.00 123.00 NOTE
r-oldrel-macos-x86_64 3.1.1 NOTE
r-oldrel-windows-ix86+x86_64 3.1.1 54.00 70.00 124.00 NOTE

Check Details

Version: 3.1.1
Check: for GNU extensions in Makefiles
Result: NOTE
    GNU make is a SystemRequirements.
Flavors: r-devel-linux-x86_64-debian-clang, r-devel-linux-x86_64-debian-gcc, r-devel-linux-x86_64-fedora-clang, r-devel-linux-x86_64-fedora-gcc, r-devel-windows-x86_64-new-UL, r-devel-windows-x86_64-new-TK, r-devel-windows-x86_64-old, r-patched-linux-x86_64, r-patched-solaris-x86, r-release-linux-x86_64, r-release-macos-arm64, r-release-macos-x86_64, r-release-windows-ix86+x86_64, r-oldrel-macos-x86_64, r-oldrel-windows-ix86+x86_64