Last updated on 2023-01-30 00:31:25 CET.
Flavor | Version | Tinstall | Tcheck | Ttotal | Status | Flags |
---|---|---|---|---|---|---|
r-devel-linux-x86_64-debian-clang | 1.2.7 | 51.59 | 95.38 | 146.97 | NOTE | |
r-devel-linux-x86_64-debian-gcc | 1.2.7 | 40.08 | 71.65 | 111.73 | NOTE | |
r-devel-linux-x86_64-fedora-clang | 1.2.7 | 191.54 | NOTE | |||
r-devel-linux-x86_64-fedora-gcc | 1.2.7 | 178.12 | NOTE | |||
r-devel-windows-x86_64 | 1.2.7 | 74.00 | 195.00 | 269.00 | NOTE | |
r-patched-linux-x86_64 | 1.2.7 | 42.39 | 90.21 | 132.60 | OK | |
r-release-linux-x86_64 | 1.2.7 | 47.16 | 91.02 | 138.18 | OK | |
r-release-macos-arm64 | 1.2.7 | 123.00 | OK | |||
r-release-macos-x86_64 | 1.2.7 | 144.00 | OK | |||
r-release-windows-x86_64 | 1.2.7 | 62.00 | 179.00 | 241.00 | OK | |
r-oldrel-macos-arm64 | 1.2.7 | 115.00 | OK | |||
r-oldrel-macos-x86_64 | 1.2.7 | 148.00 | OK | |||
r-oldrel-windows-ix86+x86_64 | 1.2.7 | 131.00 | 258.00 | 389.00 | OK |
Version: 1.2.7
Check: Rd files
Result: NOTE
checkRd: (-1) grid2latlong.Rd:22: Escaped LaTeX specials: \$
checkRd: (-1) latlong2grid.Rd:22: Escaped LaTeX specials: \$
Flavors: r-devel-linux-x86_64-debian-clang, r-devel-linux-x86_64-debian-gcc, r-devel-linux-x86_64-fedora-clang, r-devel-linux-x86_64-fedora-gcc, r-devel-windows-x86_64