CRAN Package Check Results for Package SimTimeVar

Last updated on 2024-03-04 00:55:55 CET.

Flavor Version Tinstall Tcheck Ttotal Status Flags
r-devel-linux-x86_64-debian-clang 1.0.0 4.62 37.91 42.53 NOTE
r-devel-linux-x86_64-debian-gcc 1.0.0 3.34 29.35 32.69 NOTE
r-devel-linux-x86_64-fedora-clang 1.0.0 53.32 NOTE
r-devel-linux-x86_64-fedora-gcc 1.0.0 54.12 NOTE
r-devel-windows-x86_64 1.0.0 6.00 54.00 60.00 OK
r-patched-linux-x86_64 1.0.0 4.70 37.54 42.24 OK
r-release-linux-x86_64 1.0.0 4.44 37.59 42.03 OK
r-release-macos-arm64 1.0.0 23.00 OK
r-release-macos-x86_64 1.0.0 29.00 OK
r-release-windows-x86_64 1.0.0 7.00 58.00 65.00 OK
r-oldrel-macos-arm64 1.0.0 21.00 NOTE
r-oldrel-windows-x86_64 1.0.0 7.00 61.00 68.00 OK

Check Details

Version: 1.0.0
Check: Rd files
Result: NOTE checkRd: (-1) make_one_dataset.Rd:67: Lost braces; missing escapes or markup? 67 | \code{within.SD} to be extremely small (e.g., $1 * 10^{-7}$) and all corresponding correlations in matrix | ^ Flavors: r-devel-linux-x86_64-debian-clang, r-devel-linux-x86_64-debian-gcc, r-devel-linux-x86_64-fedora-clang, r-devel-linux-x86_64-fedora-gcc

Version: 1.0.0
Check: dependencies in R code
Result: NOTE Namespace in Imports field not imported from: ‘metafor’ All declared Imports should be used. Flavors: r-devel-linux-x86_64-fedora-clang, r-devel-linux-x86_64-fedora-gcc, r-oldrel-macos-arm64