CRAN Package Check Results for Package SimTimeVar

Last updated on 2023-02-06 23:55:58 CET.

Flavor Version Tinstall Tcheck Ttotal Status Flags
r-devel-linux-x86_64-debian-clang 1.0.0 4.49 39.30 43.79 OK
r-devel-linux-x86_64-debian-gcc 1.0.0 3.42 30.27 33.69 OK
r-devel-linux-x86_64-fedora-clang 1.0.0 55.42 NOTE
r-devel-linux-x86_64-fedora-gcc 1.0.0 53.64 NOTE
r-devel-windows-x86_64 1.0.0 20.00 74.00 94.00 OK
r-patched-linux-x86_64 1.0.0 4.30 38.70 43.00 OK
r-release-linux-x86_64 1.0.0 3.31 39.41 42.72 OK
r-release-macos-arm64 1.0.0 21.00 NOTE
r-release-macos-x86_64 1.0.0 35.00 NOTE
r-release-windows-x86_64 1.0.0 26.00 74.00 100.00 OK
r-oldrel-macos-arm64 1.0.0 40.00 NOTE
r-oldrel-macos-x86_64 1.0.0 44.00 NOTE
r-oldrel-windows-ix86+x86_64 1.0.0 12.00 68.00 80.00 OK

Check Details

Version: 1.0.0
Check: dependencies in R code
Result: NOTE
    Namespace in Imports field not imported from: ‘metafor’
     All declared Imports should be used.
Flavors: r-devel-linux-x86_64-fedora-clang, r-devel-linux-x86_64-fedora-gcc, r-release-macos-arm64, r-release-macos-x86_64, r-oldrel-macos-arm64, r-oldrel-macos-x86_64