CRAN Package Check Results for Package SignifReg

Last updated on 2021-09-19 23:50:35 CEST.

Flavor Version Tinstall Tcheck Ttotal Status Flags
r-devel-linux-x86_64-debian-clang 4.1 5.96 51.22 57.18 OK
r-devel-linux-x86_64-debian-gcc 4.1 4.96 38.98 43.94 OK
r-devel-linux-x86_64-fedora-clang 4.1 78.04 OK
r-devel-linux-x86_64-fedora-gcc 4.1 64.76 OK
r-devel-windows-x86_64 4.1 9.00 51.00 60.00 OK
r-devel-windows-x86_64-gcc10-UCRT 4.1 ERROR
r-patched-linux-x86_64 4.1 6.06 48.24 54.30 OK
r-patched-solaris-x86 4.1 100.00 OK
r-release-linux-x86_64 4.1 5.73 49.08 54.81 OK
r-release-macos-arm64 4.1 OK
r-release-macos-x86_64 4.1 OK
r-release-windows-ix86+x86_64 4.1 14.00 74.00 88.00 OK
r-oldrel-macos-x86_64 4.1 OK
r-oldrel-windows-ix86+x86_64 4.1 14.00 57.00 71.00 OK

Check Details

Version: 4.1
Check: whether package can be installed
Result: WARN
    Found the following significant warnings:
     WARNING: installation-time patches will not be applied, could not get the patches index
Flavor: r-devel-windows-x86_64-gcc10-UCRT

Version: 4.1
Check: PDF version of manual
Result: WARN
    LaTeX errors when creating PDF version.
    This typically indicates Rd problems.
Flavor: r-devel-windows-x86_64-gcc10-UCRT

Version: 4.1
Check: PDF version of manual without hyperrefs or index
Result: ERROR
    Re-running with no redirection of stdout/stderr.
Flavor: r-devel-windows-x86_64-gcc10-UCRT