CRAN Package Check Results for Package Signac

Last updated on 2021-07-28 23:51:20 CEST.

Flavor Version Tinstall Tcheck Ttotal Status Flags
r-devel-linux-x86_64-debian-clang 1.3.0 OK
r-devel-linux-x86_64-debian-gcc 1.3.0 66.00 298.19 364.19 OK
r-devel-linux-x86_64-fedora-clang 1.3.0 606.87 NOTE
r-devel-linux-x86_64-fedora-gcc 1.3.0 587.73 NOTE
r-devel-windows-x86_64 1.3.0 119.00 475.00 594.00 OK
r-devel-windows-x86_64-gcc10-UCRT 1.3.0 OK
r-patched-linux-x86_64 1.3.0 81.47 374.08 455.55 OK
r-patched-solaris-x86 1.3.0 748.00 NOTE
r-release-linux-x86_64 1.3.0 76.24 374.61 450.85 OK
r-release-macos-arm64 1.3.0 ERROR
r-release-macos-x86_64 1.3.0 NOTE
r-release-windows-ix86+x86_64 1.3.0 199.00 649.00 848.00 OK
r-oldrel-macos-x86_64 1.3.0 NOTE
r-oldrel-windows-ix86+x86_64 1.3.0 93.00 8.00 101.00 ERROR

Check Details

Version: 1.3.0
Check: package dependencies
Result: NOTE
    Packages suggested but not available for checking:
     'chromVAR', 'TFBSTools', 'motifmatchr'
    
    Imports includes 28 non-default packages.
    Importing from so many packages makes the package vulnerable to any of
    them becoming unavailable. Move as many as possible to Suggests and
    use conditionally.
Flavor: r-devel-linux-x86_64-fedora-clang

Version: 1.3.0
Check: Rd cross-references
Result: NOTE
    Packages unavailable to check Rd xrefs: ‘TFBSTools’, ‘motifmatchr’, ‘chromVAR’
Flavors: r-devel-linux-x86_64-fedora-clang, r-devel-linux-x86_64-fedora-gcc, r-patched-solaris-x86, r-release-macos-x86_64, r-oldrel-macos-x86_64

Version: 1.3.0
Check: package dependencies
Result: NOTE
    Packages suggested but not available for checking:
     'chromVAR', 'TFBSTools', 'motifmatchr'
Flavors: r-devel-linux-x86_64-fedora-gcc, r-patched-solaris-x86, r-release-macos-x86_64, r-oldrel-macos-x86_64

Version: 1.3.0
Check: package dependencies
Result: ERROR
    Packages required but not available: 'GenomicRanges', 'Rsamtools'
    
    Packages suggested but not available for checking:
     'chromVAR', 'SummarizedExperiment', 'TFBSTools', 'motifmatchr',
     'BSgenome', 'rtracklayer', 'biovizBase'
    
    See section ‘The DESCRIPTION file’ in the ‘Writing R Extensions’
    manual.
Flavor: r-release-macos-arm64

Version: 1.3.0
Check: whether package can be installed
Result: ERROR
    Installation failed.
Flavor: r-oldrel-windows-ix86+x86_64