CRAN Package Check Results for Package SiER

Last updated on 2021-12-01 23:51:51 CET.

Flavor Version Tinstall Tcheck Ttotal Status Flags
r-devel-linux-x86_64-debian-clang 0.1.0 2.77 31.75 34.52 NOTE
r-devel-linux-x86_64-debian-gcc 0.1.0 1.98 24.86 26.84 NOTE
r-devel-linux-x86_64-fedora-clang 0.1.0 54.09 NOTE
r-devel-linux-x86_64-fedora-gcc 0.1.0 41.85 NOTE
r-devel-windows-x86_64-new-UL 0.1.0 6.00 74.00 80.00 NOTE
r-devel-windows-x86_64-new-TK 0.1.0 NOTE
r-devel-windows-x86_64-old 0.1.0 5.00 39.00 44.00 NOTE
r-patched-linux-x86_64 0.1.0 2.58 30.65 33.23 NOTE
r-patched-solaris-x86 0.1.0 65.70 NOTE
r-release-linux-x86_64 0.1.0 2.65 30.72 33.37 NOTE
r-release-macos-arm64 0.1.0 NOTE
r-release-macos-x86_64 0.1.0 NOTE
r-release-windows-ix86+x86_64 0.1.0 7.00 50.00 57.00 NOTE
r-oldrel-macos-x86_64 0.1.0 OK
r-oldrel-windows-ix86+x86_64 0.1.0 6.00 47.00 53.00 OK

Check Details

Version: 0.1.0
Check: LazyData
Result: NOTE
     'LazyData' is specified without a 'data' directory
Flavors: r-devel-linux-x86_64-debian-clang, r-devel-linux-x86_64-debian-gcc, r-devel-linux-x86_64-fedora-clang, r-devel-linux-x86_64-fedora-gcc, r-devel-windows-x86_64-new-UL, r-devel-windows-x86_64-new-TK, r-devel-windows-x86_64-old, r-patched-linux-x86_64, r-patched-solaris-x86, r-release-linux-x86_64, r-release-macos-arm64, r-release-macos-x86_64, r-release-windows-ix86+x86_64