CRAN Package Check Results for Package SenSrivastava

Last updated on 2021-09-19 23:50:34 CEST.

Flavor Version Tinstall Tcheck Ttotal Status Flags
r-devel-linux-x86_64-debian-clang 2015.6.25 2.42 21.84 24.26 OK
r-devel-linux-x86_64-debian-gcc 2015.6.25 1.63 17.12 18.75 OK
r-devel-linux-x86_64-fedora-clang 2015.6.25 38.70 OK
r-devel-linux-x86_64-fedora-gcc 2015.6.25 28.84 OK
r-devel-windows-x86_64 2015.6.25 4.00 33.00 37.00 OK
r-devel-windows-x86_64-gcc10-UCRT 2015.6.25 ERROR
r-patched-linux-x86_64 2015.6.25 2.74 21.53 24.27 OK
r-patched-solaris-x86 2015.6.25 42.30 OK
r-release-linux-x86_64 2015.6.25 2.31 21.17 23.48 OK
r-release-macos-arm64 2015.6.25 OK
r-release-macos-x86_64 2015.6.25 OK
r-release-windows-ix86+x86_64 2015.6.25 5.00 47.00 52.00 OK
r-oldrel-macos-x86_64 2015.6.25 OK
r-oldrel-windows-ix86+x86_64 2015.6.25 5.00 34.00 39.00 OK

Check Details

Version: 2015.6.25
Check: whether package can be installed
Result: WARN
    Found the following significant warnings:
     WARNING: installation-time patches will not be applied, could not get the patches index
Flavor: r-devel-windows-x86_64-gcc10-UCRT

Version: 2015.6.25
Check: PDF version of manual
Result: WARN
    LaTeX errors when creating PDF version.
    This typically indicates Rd problems.
Flavor: r-devel-windows-x86_64-gcc10-UCRT

Version: 2015.6.25
Check: PDF version of manual without hyperrefs or index
Result: ERROR
    Re-running with no redirection of stdout/stderr.
Flavor: r-devel-windows-x86_64-gcc10-UCRT