CRAN Package Check Results for Package SemNetDictionaries

Last updated on 2021-10-27 23:50:40 CEST.

Flavor Version Tinstall Tcheck Ttotal Status Flags
r-devel-linux-x86_64-debian-clang 0.1.9 4.27 33.35 37.62 OK
r-devel-linux-x86_64-debian-gcc 0.1.9 3.78 27.61 31.39 OK
r-devel-linux-x86_64-fedora-clang 0.1.9 59.54 NOTE
r-devel-linux-x86_64-fedora-gcc 0.1.9 47.83 NOTE
r-devel-windows-x86_64 0.1.9 7.00 63.00 70.00 OK
r-devel-windows-x86_64-gcc10-UCRT 0.1.9 NOTE
r-patched-linux-x86_64 0.1.9 4.82 33.67 38.49 OK
r-patched-solaris-x86 0.1.9 74.60 NOTE
r-release-linux-x86_64 0.1.9 4.53 33.90 38.43 OK
r-release-macos-arm64 0.1.9 NOTE
r-release-macos-x86_64 0.1.9 NOTE
r-release-windows-ix86+x86_64 0.1.9 6.00 55.00 61.00 OK
r-oldrel-macos-x86_64 0.1.9 NOTE
r-oldrel-windows-ix86+x86_64 0.1.9 7.00 56.00 63.00 OK

Check Details

Version: 0.1.9
Check: dependencies in R code
Result: NOTE
    Namespace in Imports field not imported from: ‘knitr’
     All declared Imports should be used.
Flavors: r-devel-linux-x86_64-fedora-clang, r-devel-linux-x86_64-fedora-gcc, r-devel-windows-x86_64-gcc10-UCRT, r-patched-solaris-x86, r-release-macos-arm64, r-release-macos-x86_64, r-oldrel-macos-x86_64

Version: 0.1.9
Check: Rd cross-references
Result: NOTE
    Undeclared package ‘SemNetCleaner’ in Rd xrefs
Flavor: r-devel-linux-x86_64-fedora-clang