Last updated on 2023-06-10 00:54:57 CEST.
Flavor | Version | Tinstall | Tcheck | Ttotal | Status | Flags |
---|---|---|---|---|---|---|
r-devel-linux-x86_64-debian-clang | 0.0.3 | 13.15 | 94.70 | 107.85 | NOTE | |
r-devel-linux-x86_64-debian-gcc | 0.0.3 | 9.96 | 70.15 | 80.11 | NOTE | |
r-devel-linux-x86_64-fedora-clang | 0.0.3 | 135.70 | NOTE | |||
r-devel-linux-x86_64-fedora-gcc | 0.0.3 | 125.61 | NOTE | |||
r-devel-windows-x86_64 | 0.0.3 | 12.00 | 89.00 | 101.00 | NOTE | |
r-patched-linux-x86_64 | 0.0.3 | 11.44 | 88.08 | 99.52 | NOTE | |
r-release-linux-x86_64 | 0.0.3 | 12.79 | 88.37 | 101.16 | NOTE | |
r-release-macos-arm64 | 0.0.3 | 41.00 | NOTE | |||
r-release-macos-x86_64 | 0.0.3 | 66.00 | NOTE | |||
r-release-windows-x86_64 | 0.0.3 | 16.00 | 101.00 | 117.00 | NOTE | |
r-oldrel-macos-arm64 | 0.0.3 | 43.00 | NOTE | |||
r-oldrel-macos-x86_64 | 0.0.3 | 71.00 | NOTE | |||
r-oldrel-windows-x86_64 | 0.0.3 | 16.00 | 104.00 | 120.00 | NOTE |
Version: 0.0.3
Check: LazyData
Result: NOTE
'LazyData' is specified without a 'data' directory
Flavors: r-devel-linux-x86_64-debian-clang, r-devel-linux-x86_64-debian-gcc, r-devel-linux-x86_64-fedora-clang, r-devel-linux-x86_64-fedora-gcc, r-devel-windows-x86_64, r-patched-linux-x86_64, r-release-linux-x86_64, r-release-macos-arm64, r-release-macos-x86_64, r-release-windows-x86_64, r-oldrel-macos-arm64, r-oldrel-macos-x86_64, r-oldrel-windows-x86_64