Last updated on 2025-01-14 00:48:55 CET.
Flavor | Version | Tinstall | Tcheck | Ttotal | Status | Flags |
---|---|---|---|---|---|---|
r-devel-linux-x86_64-debian-clang | 0.9-13.1 | 2.82 | 25.65 | 28.47 | NOTE | |
r-devel-linux-x86_64-debian-gcc | 0.9-13.1 | 2.06 | 19.24 | 21.30 | NOTE | |
r-devel-linux-x86_64-fedora-clang | 0.9-13.1 | 45.49 | OK | |||
r-devel-linux-x86_64-fedora-gcc | 0.9-13.1 | 45.69 | OK | |||
r-devel-windows-x86_64 | 0.9-13.1 | 4.00 | 49.00 | 53.00 | NOTE | |
r-patched-linux-x86_64 | 0.9-13.1 | 4.79 | 24.39 | 29.18 | OK | |
r-release-linux-x86_64 | 0.9-13.1 | 2.78 | 24.32 | 27.10 | OK | |
r-release-macos-arm64 | 0.9-13.1 | 17.00 | OK | |||
r-release-macos-x86_64 | 0.9-13.1 | 25.00 | OK | |||
r-release-windows-x86_64 | 0.9-13.1 | 3.00 | 51.00 | 54.00 | OK | |
r-oldrel-macos-arm64 | 0.9-13.1 | 22.00 | OK | |||
r-oldrel-macos-x86_64 | 0.9-13.1 | 28.00 | OK | |||
r-oldrel-windows-x86_64 | 0.9-13.1 | 3.00 | 53.00 | 56.00 | OK |
Version: 0.9-13.1
Check: Rd cross-references
Result: NOTE
Found the following Rd file(s) with Rd \link{} targets missing package
anchors:
correlation.Rd: plotcorr
panels.Rd: rlm, ellipse
pcomp.Rd: cov.mve, cov.mcd
Please provide package anchors for all Rd \link{} targets not in the
package itself and the base packages.
Flavors: r-devel-linux-x86_64-debian-clang, r-devel-linux-x86_64-debian-gcc, r-devel-windows-x86_64