CRAN Package Check Results for Package STraTUS

Last updated on 2021-10-18 23:49:48 CEST.

Flavor Version Tinstall Tcheck Ttotal Status Flags
r-devel-linux-x86_64-debian-clang 1.1.2 15.94 129.14 145.08 OK
r-devel-linux-x86_64-debian-gcc 1.1.2 11.74 95.82 107.56 OK
r-devel-linux-x86_64-fedora-clang 1.1.2 178.94 OK
r-devel-linux-x86_64-fedora-gcc 1.1.2 161.72 OK
r-devel-windows-x86_64 1.1.2 22.00 150.00 172.00 OK
r-devel-windows-x86_64-gcc10-UCRT 1.1.2 OK
r-patched-linux-x86_64 1.1.2 12.35 120.55 132.90 OK
r-patched-solaris-x86 1.1.2 209.40 OK
r-release-linux-x86_64 1.1.2 13.06 119.14 132.20 OK
r-release-macos-arm64 1.1.2 OK
r-release-macos-x86_64 1.1.2 ERROR
r-release-windows-ix86+x86_64 1.1.2 31.00 147.00 178.00 OK
r-oldrel-macos-x86_64 1.1.2 ERROR
r-oldrel-windows-ix86+x86_64 1.1.2 4.00 8.00 12.00 ERROR

Check Details

Version: 1.1.2
Check: package dependencies
Result: ERROR
    Package required but not available: ‘ggtree’
    
    See section ‘The DESCRIPTION file’ in the ‘Writing R Extensions’
    manual.
Flavors: r-release-macos-x86_64, r-oldrel-macos-x86_64

Version: 1.1.2
Check: whether package can be installed
Result: ERROR
    Installation failed.
Flavor: r-oldrel-windows-ix86+x86_64