CRAN Package Check Results for Package SSBtools

Last updated on 2024-07-25 00:52:10 CEST.

Flavor Version Tinstall Tcheck Ttotal Status Flags
r-devel-linux-x86_64-debian-clang 1.5.2 17.62 160.74 178.36 OK
r-devel-linux-x86_64-debian-gcc 1.5.2 16.15 115.08 131.23 NOTE
r-devel-linux-x86_64-fedora-clang 1.5.2 216.73 OK
r-devel-linux-x86_64-fedora-gcc 1.5.2 202.61 OK
r-devel-windows-x86_64 1.5.2 19.00 136.00 155.00 NOTE
r-patched-linux-x86_64 1.5.2 20.76 147.59 168.35 OK
r-release-linux-x86_64 1.5.2 19.27 147.51 166.78 OK
r-release-macos-arm64 1.5.2 59.00 OK
r-release-macos-x86_64 1.5.2 87.00 OK
r-release-windows-x86_64 1.5.2 17.00 134.00 151.00 OK
r-oldrel-macos-arm64 1.5.2 59.00 OK
r-oldrel-macos-x86_64 1.5.2 140.00 OK
r-oldrel-windows-x86_64 1.5.2 22.00 170.00 192.00 OK

Check Details

Version: 1.5.2
Check: Rd cross-references
Result: NOTE Found the following Rd file(s) with Rd \link{} targets missing package anchors: ModelMatrix.Rd: sparse.model.matrix Reduce0exact.Rd: ginv Please provide package anchors for all Rd \link{} targets not in the package itself and the base packages. Flavors: r-devel-linux-x86_64-debian-gcc, r-devel-windows-x86_64