Last updated on 2023-05-29 00:59:46 CEST.
Flavor | Version | Tinstall | Tcheck | Ttotal | Status | Flags |
---|---|---|---|---|---|---|
r-devel-linux-x86_64-debian-clang | 0.99.6 | 28.16 | 301.04 | 329.20 | OK | |
r-devel-linux-x86_64-debian-gcc | 0.99.6 | 20.65 | 222.86 | 243.51 | OK | |
r-devel-linux-x86_64-fedora-clang | 0.99.6 | 428.12 | NOTE | |||
r-devel-linux-x86_64-fedora-gcc | 0.99.6 | 445.55 | OK | |||
r-devel-windows-x86_64 | 0.99.6 | 24.00 | 223.00 | 247.00 | OK | |
r-patched-linux-x86_64 | 0.99.6 | 22.80 | 282.19 | 304.99 | OK | |
r-release-linux-x86_64 | 0.99.6 | 19.81 | 280.29 | 300.10 | OK | |
r-release-macos-arm64 | 0.99.6 | 120.00 | OK | |||
r-release-macos-x86_64 | 0.99.6 | 212.00 | OK | |||
r-release-windows-x86_64 | 0.99.6 | 32.00 | 292.00 | 324.00 | OK | |
r-oldrel-macos-arm64 | 0.99.6 | 84.00 | OK | |||
r-oldrel-macos-x86_64 | 0.99.6 | 143.00 | OK | |||
r-oldrel-windows-x86_64 | 0.99.6 | 33.00 | 294.00 | 327.00 | OK |
Version: 0.99.6
Check: package dependencies
Result: NOTE
Imports includes 22 non-default packages.
Importing from so many packages makes the package vulnerable to any of
them becoming unavailable. Move as many as possible to Suggests and
use conditionally.
Flavor: r-devel-linux-x86_64-fedora-clang