CRAN Package Check Results for Package SPECK

Last updated on 2024-07-14 00:55:35 CEST.

Flavor Version Tinstall Tcheck Ttotal Status Flags
r-devel-linux-x86_64-debian-clang 1.0.0 22.78 402.70 425.48 OK
r-devel-linux-x86_64-debian-gcc 1.0.0 21.11 295.80 316.91 OK
r-devel-linux-x86_64-fedora-clang 1.0.0 529.89 OK
r-devel-linux-x86_64-fedora-gcc 1.0.0 519.97 OK
r-devel-windows-x86_64 1.0.0 24.00 302.00 326.00 NOTE
r-patched-linux-x86_64 1.0.0 27.77 380.39 408.16 OK
r-release-linux-x86_64 1.0.0 17.37 396.51 413.88 OK
r-release-macos-arm64 1.0.0 164.00 NOTE
r-release-macos-x86_64 1.0.0 270.00 NOTE
r-release-windows-x86_64 1.0.0 24.00 297.00 321.00 OK
r-oldrel-macos-arm64 1.0.0 163.00 NOTE
r-oldrel-macos-x86_64 1.0.0 390.00 NOTE
r-oldrel-windows-x86_64 1.0.0 34.00 391.00 425.00 OK

Check Details

Version: 1.0.0
Check: Rd cross-references
Result: NOTE Found the following Rd file(s) with Rd \link{} targets missing package anchors: speck.Rd: Ckmeans.1d.dp Please provide package anchors for all Rd \link{} targets not in the package itself and the base packages. Flavor: r-devel-windows-x86_64

Version: 1.0.0
Check: installed package size
Result: NOTE installed size is 5.5Mb sub-directories of 1Mb or more: data 4.8Mb Flavors: r-release-macos-arm64, r-release-macos-x86_64, r-oldrel-macos-arm64, r-oldrel-macos-x86_64