CRAN Package Check Results for Package SIPDIBGE

Last updated on 2024-06-14 00:53:59 CEST.

Flavor Version Tinstall Tcheck Ttotal Status Flags
r-devel-linux-x86_64-debian-clang 0.2.1 12.51 110.36 122.87 OK
r-devel-linux-x86_64-debian-gcc 0.2.1 0.36 1.72 2.08 ERROR
r-devel-linux-x86_64-fedora-clang 0.2.1 169.98 OK
r-devel-linux-x86_64-fedora-gcc 0.2.1 144.94 OK
r-devel-windows-x86_64 0.2.1 12.00 90.00 102.00 OK
r-patched-linux-x86_64 0.2.1 12.24 107.98 120.22 OK
r-release-linux-x86_64 0.2.1 8.85 107.45 116.30 OK
r-release-macos-arm64 0.2.1 44.00 OK
r-release-macos-x86_64 0.2.1 68.00 OK
r-release-windows-x86_64 0.2.1 13.00 93.00 106.00 OK
r-oldrel-macos-arm64 0.2.1 47.00 OK
r-oldrel-macos-x86_64 0.2.1 98.00 OK
r-oldrel-windows-x86_64 0.2.1 16.00 115.00 131.00 OK

Check Details

Version: 0.2.1
Check: package dependencies
Result: ERROR Packages required but not available: 'COVIDIBGE', 'PNADcIBGE', 'PNDSIBGE', 'PNSIBGE', 'purrr', 'tibble' Packages suggested but not available for checking: 'dplyr', 'projmgr', 'readr', 'readxl', 'srvyr' See section ‘The DESCRIPTION file’ in the ‘Writing R Extensions’ manual. Flavor: r-devel-linux-x86_64-debian-gcc