CRAN Package Check Results for Package SIAmodules

Last updated on 2024-06-13 00:55:32 CEST.

Flavor Version Tinstall Tcheck Ttotal Status Flags
r-devel-linux-x86_64-debian-clang 0.1.1 23.42 156.69 180.11 OK
r-devel-linux-x86_64-debian-gcc 0.1.1 0.27 1.78 2.05 ERROR
r-devel-linux-x86_64-fedora-clang 0.1.1 242.81 NOTE
r-devel-linux-x86_64-fedora-gcc 0.1.1 204.52 OK
r-devel-windows-x86_64 0.1.1 20.00 117.00 137.00 OK
r-patched-linux-x86_64 0.1.1 16.48 148.65 165.13 OK
r-release-linux-x86_64 0.1.1 21.68 151.13 172.81 OK
r-release-macos-arm64 0.1.1 60.00 OK
r-release-macos-x86_64 0.1.1 92.00 OK
r-release-windows-x86_64 0.1.1 20.00 119.00 139.00 OK
r-oldrel-macos-arm64 0.1.1 70.00 OK
r-oldrel-macos-x86_64 0.1.1 169.00 OK
r-oldrel-windows-x86_64 0.1.1 25.00 152.00 177.00 OK

Check Details

Version: 0.1.1
Check: package dependencies
Result: ERROR Packages required but not available: 'difNLR', 'dplyr', 'forcats', 'ggplot2', 'lme4', 'plotly', 'purrr', 'ShinyItemAnalysis', 'stringr', 'tibble', 'tidyr' See section ‘The DESCRIPTION file’ in the ‘Writing R Extensions’ manual. Flavor: r-devel-linux-x86_64-debian-gcc

Version: 0.1.1
Check: package dependencies
Result: NOTE Imports includes 22 non-default packages. Importing from so many packages makes the package vulnerable to any of them becoming unavailable. Move as many as possible to Suggests and use conditionally. Flavor: r-devel-linux-x86_64-fedora-clang