CRAN Package Check Results for Package SGPdata

Last updated on 2021-05-16 23:47:13 CEST.

Flavor Version Tinstall Tcheck Ttotal Status Flags
r-devel-linux-x86_64-debian-clang 25.0-0.0 72.16 59.30 131.46 OK
r-devel-linux-x86_64-debian-gcc 25.0-0.0 66.96 47.63 114.59 OK
r-devel-linux-x86_64-fedora-clang 25.0-0.0 194.78 NOTE
r-devel-linux-x86_64-fedora-gcc 25.0-0.0 178.96 OK
r-devel-windows-ix86+x86_64 25.0-0.0 107.00 80.00 187.00 NOTE
r-devel-windows-x86_64-gcc10-UCRT 25.0-0.0 OK
r-patched-linux-x86_64 25.0-0.0 75.03 57.90 132.93 OK
r-patched-solaris-x86 25.0-0.0 419.80 WARN
r-release-linux-x86_64 25.0-0.0 73.52 56.21 129.73 OK
r-release-macos-x86_64 25.0-0.0 WARN
r-release-windows-ix86+x86_64 25.0-0.0 86.00 61.00 147.00 NOTE
r-oldrel-macos-x86_64 25.0-0.0 ERROR
r-oldrel-windows-ix86+x86_64 23.0-0.0 18.00 62.00 80.00 NOTE

Check Details

Version: 25.0-0.0
Check: installed package size
Result: NOTE
     installed size is 7.5Mb
     sub-directories of 1Mb or more:
     data 7.3Mb
Flavors: r-devel-linux-x86_64-fedora-clang, r-devel-windows-ix86+x86_64, r-patched-solaris-x86, r-release-macos-x86_64, r-release-windows-ix86+x86_64

Version: 25.0-0.0
Check: re-building of vignette outputs
Result: WARN
    Error(s) in re-building vignettes:
     ...
    --- re-building ‘SGPdata.Rmd’ using rmarkdown
    Warning in engine$weave(file, quiet = quiet, encoding = enc) :
     Pandoc (>= 1.12.3) not available. Falling back to R Markdown v1.
    Quitting from lines 13-28 (SGPdata.Rmd)
    Error: processing vignette 'SGPdata.Rmd' failed with diagnostics:
    argument is of length zero
    --- failed re-building ‘SGPdata.Rmd’
    
    SUMMARY: processing the following file failed:
     ‘SGPdata.Rmd’
    
    Error: Vignette re-building failed.
    Execution halted
Flavors: r-patched-solaris-x86, r-release-macos-x86_64

Version: 25.0-0.0
Check: whether package can be installed
Result: ERROR
    Installation failed.
Flavor: r-oldrel-macos-x86_64

Version: 23.0-0.0
Check: installed package size
Result: NOTE
     installed size is 7.9Mb
     sub-directories of 1Mb or more:
     data 7.8Mb
Flavor: r-oldrel-windows-ix86+x86_64