CRAN Package Check Results for Package SGP

Last updated on 2024-06-14 00:53:58 CEST.

Flavor Version Tinstall Tcheck Ttotal Status Flags
r-devel-linux-x86_64-debian-clang 2.1-0.0 75.91 340.72 416.63 OK
r-devel-linux-x86_64-debian-gcc 2.1-0.0 0.75 1.96 2.71 ERROR
r-devel-linux-x86_64-fedora-clang 2.1-0.0 511.90 NOTE
r-devel-linux-x86_64-fedora-gcc 2.1-0.0 485.37 OK
r-devel-windows-x86_64 2.1-0.0 55.00 218.00 273.00 NOTE
r-patched-linux-x86_64 2.1-0.0 50.37 316.08 366.45 OK
r-release-linux-x86_64 2.1-0.0 48.94 322.85 371.79 OK
r-release-macos-arm64 2.1-0.0 125.00 NOTE
r-release-macos-x86_64 2.1-0.0 198.00 NOTE
r-release-windows-x86_64 2.1-0.0 58.00 228.00 286.00 NOTE
r-oldrel-macos-arm64 2.1-0.0 160.00 NOTE
r-oldrel-macos-x86_64 2.1-0.0 325.00 NOTE
r-oldrel-windows-x86_64 2.1-0.0 74.00 289.00 363.00 NOTE

Check Details

Version: 2.1-0.0
Check: package dependencies
Result: ERROR Packages required but not available: 'plotly', 'randomNames', 'RSQLite', 'toOrdinal' See section ‘The DESCRIPTION file’ in the ‘Writing R Extensions’ manual. Flavor: r-devel-linux-x86_64-debian-gcc

Version: 2.1-0.0
Check: package dependencies
Result: NOTE Imports includes 22 non-default packages. Importing from so many packages makes the package vulnerable to any of them becoming unavailable. Move as many as possible to Suggests and use conditionally. Flavor: r-devel-linux-x86_64-fedora-clang

Version: 2.1-0.0
Check: installed package size
Result: NOTE installed size is 6.5Mb sub-directories of 1Mb or more: R 1.3Mb doc 3.8Mb Flavors: r-devel-linux-x86_64-fedora-clang, r-devel-windows-x86_64, r-release-macos-arm64, r-release-macos-x86_64, r-release-windows-x86_64, r-oldrel-macos-arm64, r-oldrel-macos-x86_64, r-oldrel-windows-x86_64