CRAN Package Check Results for Package SCpubr

Last updated on 2023-05-28 23:14:10 CEST.

Flavor Version Tinstall Tcheck Ttotal Status Flags
r-devel-linux-x86_64-debian-clang 1.1.2 14.36 302.36 316.72 OK
r-devel-linux-x86_64-debian-gcc 1.1.2 7.91 220.50 228.41 OK
r-devel-linux-x86_64-fedora-clang 1.1.2 408.05 NOTE
r-devel-linux-x86_64-fedora-gcc 1.1.2 398.13 NOTE
r-devel-windows-x86_64 1.1.2 12.00 235.00 247.00 OK
r-patched-linux-x86_64 1.1.2 15.07 267.51 282.58 OK
r-release-linux-x86_64 1.1.2 9.66 272.51 282.17 OK
r-release-macos-arm64 1.1.2 69.00 NOTE
r-release-macos-x86_64 1.1.2 195.00 NOTE
r-release-windows-x86_64 1.1.2 16.00 315.00 331.00 OK
r-oldrel-macos-arm64 1.1.2 109.00 ERROR
r-oldrel-macos-x86_64 1.1.2 142.00 ERROR
r-oldrel-windows-x86_64 1.1.2 15.00 297.00 312.00 OK

Check Details

Version: 1.1.2
Check: package dependencies
Result: NOTE
    Package suggested but not available for checking: ‘AUCell’
Flavors: r-devel-linux-x86_64-fedora-clang, r-devel-linux-x86_64-fedora-gcc

Version: 1.1.2
Check: Rd cross-references
Result: NOTE
    Undeclared package ‘SeuratObject’ in Rd xrefs
Flavor: r-devel-linux-x86_64-fedora-clang

Version: 1.1.2
Check: package dependencies
Result: NOTE
    Packages suggested but not available for checking:
     'Nebulosa', 'infercnv', 'AUCell', 'clusterProfiler', 'enrichplot'
Flavor: r-release-macos-arm64

Version: 1.1.2
Check: Rd cross-references
Result: NOTE
    Package unavailable to check Rd xrefs: ‘infercnv’
Flavors: r-release-macos-arm64, r-release-macos-x86_64, r-oldrel-macos-arm64, r-oldrel-macos-x86_64

Version: 1.1.2
Check: package dependencies
Result: NOTE
    Packages suggested but not available for checking:
     'Nebulosa', 'infercnv', 'AUCell'
Flavors: r-release-macos-x86_64, r-oldrel-macos-arm64, r-oldrel-macos-x86_64

Version: 1.1.2
Check: tests
Result: ERROR
     Running ‘testthat.R’ [55s/59s]
    Running the tests in ‘tests/testthat.R’ failed.
    Last 13 lines of output:
     • On CRAN (417)
    
     ══ Failed tests ════════════════════════════════════════════════════════════════
     ── Error ('test-do_FunctionalAnnotationPlot.R:5:5'): do_FunctionalAnnotationPlot: CRAN essential tests ──
     Error in ``[.data.frame`(p.build$data[[7]], c("label", "node"))`: undefined columns selected
     Backtrace:
     ▆
     1. └─SCpubr::do_FunctionalAnnotationPlot(...) at test-do_FunctionalAnnotationPlot.R:5:4
     2. └─SCpubr:::do_EnrichedTermTreePlot(...)
     3. ├─p.build$data[[7]][c("label", "node")]
     4. └─base::`[.data.frame`(p.build$data[[7]], c("label", "node"))
    
     [ FAIL 1 | WARN 0 | SKIP 417 | PASS 87 ]
     Error: Test failures
     Execution halted
Flavor: r-oldrel-macos-arm64

Version: 1.1.2
Check: tests
Result: ERROR
     Running ‘testthat.R’ [73s/75s]
    Running the tests in ‘tests/testthat.R’ failed.
    Last 13 lines of output:
     • On CRAN (417)
    
     ══ Failed tests ════════════════════════════════════════════════════════════════
     ── Error ('test-do_FunctionalAnnotationPlot.R:5:5'): do_FunctionalAnnotationPlot: CRAN essential tests ──
     Error in ``[.data.frame`(p.build$data[[7]], c("label", "node"))`: undefined columns selected
     Backtrace:
     ▆
     1. └─SCpubr::do_FunctionalAnnotationPlot(...) at test-do_FunctionalAnnotationPlot.R:5:4
     2. └─SCpubr:::do_EnrichedTermTreePlot(...)
     3. ├─p.build$data[[7]][c("label", "node")]
     4. └─base::`[.data.frame`(p.build$data[[7]], c("label", "node"))
    
     [ FAIL 1 | WARN 0 | SKIP 417 | PASS 87 ]
     Error: Test failures
     Execution halted
Flavor: r-oldrel-macos-x86_64